CRAN Package Check Results for Package alphashape3d

Last updated on 2024-07-24 00:53:44 CEST.

Flavor Version Tinstall Tcheck Ttotal Status Flags
r-devel-linux-x86_64-debian-clang 1.3.2 8.08 57.41 65.49 OK
r-devel-linux-x86_64-debian-gcc 1.3.2 5.80 44.49 50.29 NOTE
r-devel-linux-x86_64-fedora-clang 1.3.2 80.99 OK
r-devel-linux-x86_64-fedora-gcc 1.3.2 74.94 OK
r-devel-windows-x86_64 1.3.2 11.00 62.00 73.00 NOTE
r-patched-linux-x86_64 1.3.2 11.93 55.22 67.15 OK
r-release-linux-x86_64 1.3.2 6.85 55.45 62.30 OK
r-release-macos-arm64 1.3.2 27.00 OK
r-release-macos-x86_64 1.3.2 39.00 OK
r-release-windows-x86_64 1.3.2 10.00 63.00 73.00 OK
r-oldrel-macos-arm64 1.3.2 29.00 OK
r-oldrel-macos-x86_64 1.3.2 39.00 OK
r-oldrel-windows-x86_64 1.3.2 14.00 71.00 85.00 OK

Check Details

Version: 1.3.2
Check: Rd cross-references
Result: NOTE Found the following Rd file(s) with Rd \link{} targets missing package anchors: plot.ashape3d.Rd: rgl, material3d surfaceNormals.Rd: material3d Please provide package anchors for all Rd \link{} targets not in the package itself and the base packages. Flavors: r-devel-linux-x86_64-debian-gcc, r-devel-windows-x86_64