CRAN Package Check Results for Package alr4

Last updated on 2024-07-17 00:48:12 CEST.

Flavor Version Tinstall Tcheck Ttotal Status Flags
r-devel-linux-x86_64-debian-clang 1.0.6 13.10 99.19 112.29 NOTE
r-devel-linux-x86_64-debian-gcc 1.0.6 7.39 74.76 82.15 NOTE
r-devel-linux-x86_64-fedora-clang 1.0.6 137.69 NOTE
r-devel-linux-x86_64-fedora-gcc 1.0.6 132.63 NOTE
r-devel-windows-x86_64 1.0.6 13.00 107.00 120.00 NOTE
r-patched-linux-x86_64 1.0.6 11.16 96.99 108.15 NOTE
r-release-linux-x86_64 1.0.6 8.67 96.11 104.78 NOTE
r-release-macos-arm64 1.0.6 40.00 NOTE
r-release-macos-x86_64 1.0.6 59.00 NOTE
r-release-windows-x86_64 1.0.6 12.00 110.00 122.00 NOTE
r-oldrel-macos-arm64 1.0.6 45.00 NOTE
r-oldrel-macos-x86_64 1.0.6 70.00 NOTE
r-oldrel-windows-x86_64 1.0.6 15.00 129.00 144.00 NOTE

Check Details

Version: 1.0.6
Check: Rd files
Result: NOTE checkRd: (-1) UN1.Rd:16: Escaped LaTeX specials: \$ checkRd: (-1) rateprof.Rd:64: Escaped LaTeX specials: \& Flavors: r-devel-linux-x86_64-debian-clang, r-devel-linux-x86_64-debian-gcc, r-devel-linux-x86_64-fedora-clang, r-devel-linux-x86_64-fedora-gcc, r-devel-windows-x86_64, r-patched-linux-x86_64, r-release-linux-x86_64, r-release-macos-arm64, r-release-macos-x86_64, r-release-windows-x86_64, r-oldrel-macos-arm64, r-oldrel-macos-x86_64, r-oldrel-windows-x86_64