CRAN Package Check Results for Package ambient

Last updated on 2023-10-04 00:58:16 CEST.

Flavor Version Tinstall Tcheck Ttotal Status Flags
r-devel-linux-x86_64-debian-clang 1.0.2 19.20 53.25 72.45 NOTE
r-devel-linux-x86_64-debian-gcc 1.0.2 14.77 42.08 56.85 NOTE
r-devel-linux-x86_64-fedora-clang 1.0.2 103.40 NOTE
r-devel-linux-x86_64-fedora-gcc 1.0.2 97.65 NOTE
r-devel-windows-x86_64 1.0.2 19.00 84.00 103.00 NOTE
r-patched-linux-x86_64 1.0.2 23.83 52.14 75.97 NOTE
r-release-linux-x86_64 1.0.2 22.98 52.17 75.15 NOTE
r-release-macos-arm64 1.0.2 39.00 NOTE
r-release-macos-x86_64 1.0.2 58.00 NOTE
r-release-windows-x86_64 1.0.2 21.00 85.00 106.00 NOTE
r-oldrel-macos-arm64 1.0.2 38.00 OK
r-oldrel-macos-x86_64 1.0.2 62.00 OK
r-oldrel-windows-x86_64 1.0.2 25.00 83.00 108.00 OK

Check Details

Version: 1.0.2
Check: C++ specification
Result: NOTE
     Specified C++11: please drop specification unless essential
Flavors: r-devel-linux-x86_64-debian-clang, r-devel-linux-x86_64-debian-gcc, r-devel-linux-x86_64-fedora-clang, r-devel-linux-x86_64-fedora-gcc, r-devel-windows-x86_64, r-patched-linux-x86_64, r-release-linux-x86_64, r-release-macos-arm64, r-release-macos-x86_64, r-release-windows-x86_64