CRAN Package Check Results for Package ampd

Last updated on 2024-07-24 00:53:44 CEST.

Flavor Version Tinstall Tcheck Ttotal Status Flags
r-devel-linux-x86_64-debian-clang 0.2 1.99 20.33 22.32 NOTE
r-devel-linux-x86_64-debian-gcc 0.2 1.44 15.90 17.34 NOTE
r-devel-linux-x86_64-fedora-clang 0.2 29.04 NOTE
r-devel-linux-x86_64-fedora-gcc 0.2 27.72 NOTE
r-devel-windows-x86_64 0.2 3.00 35.00 38.00 NOTE
r-patched-linux-x86_64 0.2 2.03 19.98 22.01 NOTE
r-release-linux-x86_64 0.2 1.49 20.13 21.62 NOTE
r-release-macos-arm64 0.2 14.00 NOTE
r-release-macos-x86_64 0.2 19.00 NOTE
r-release-windows-x86_64 0.2 3.00 34.00 37.00 NOTE
r-oldrel-macos-arm64 0.2 15.00 NOTE
r-oldrel-macos-x86_64 0.2 18.00 NOTE
r-oldrel-windows-x86_64 0.2 2.00 33.00 35.00 NOTE

Check Details

Version: 0.2
Check: LazyData
Result: NOTE 'LazyData' is specified without a 'data' directory Flavors: r-devel-linux-x86_64-debian-clang, r-devel-linux-x86_64-debian-gcc, r-devel-linux-x86_64-fedora-clang, r-devel-linux-x86_64-fedora-gcc, r-devel-windows-x86_64, r-patched-linux-x86_64, r-release-linux-x86_64, r-release-macos-arm64, r-release-macos-x86_64, r-release-windows-x86_64, r-oldrel-macos-arm64, r-oldrel-macos-x86_64, r-oldrel-windows-x86_64