CRAN Package Check Results for Package ampir

Last updated on 2025-01-21 00:48:23 CET.

Flavor Version Tinstall Tcheck Ttotal Status Flags
r-devel-linux-x86_64-debian-clang 1.1.0 26.80 136.85 163.65 OK
r-devel-linux-x86_64-debian-gcc 1.1.0 18.23 101.55 119.78 OK
r-devel-linux-x86_64-fedora-clang 1.1.0 274.50 NOTE
r-devel-linux-x86_64-fedora-gcc 1.1.0 259.19 NOTE
r-devel-windows-x86_64 1.1.0 27.00 145.00 172.00 OK
r-patched-linux-x86_64 1.1.0 23.31 127.52 150.83 OK
r-release-linux-x86_64 1.1.0 24.82 126.98 151.80 OK
r-release-macos-arm64 1.1.0 78.00 OK
r-release-macos-x86_64 1.1.0 111.00 OK
r-release-windows-x86_64 1.1.0 26.00 145.00 171.00 OK
r-oldrel-macos-arm64 1.1.0 84.00 OK
r-oldrel-macos-x86_64 1.1.0 138.00 OK
r-oldrel-windows-x86_64 1.1.0 35.00 181.00 216.00 OK

Check Details

Version: 1.1.0
Check: dependencies in R code
Result: NOTE Namespace in Imports field not imported from: ‘kernlab’ All declared Imports should be used. Flavors: r-devel-linux-x86_64-fedora-clang, r-devel-linux-x86_64-fedora-gcc