Last updated on 2023-10-03 01:04:45 CEST.
Flavor | Version | Tinstall | Tcheck | Ttotal | Status | Flags |
---|---|---|---|---|---|---|
r-devel-linux-x86_64-debian-clang | 0.1.5 | 3.38 | 27.60 | 30.98 | OK | |
r-devel-linux-x86_64-debian-gcc | 0.1.5 | 2.59 | 21.82 | 24.41 | OK | |
r-devel-linux-x86_64-fedora-clang | 0.1.5 | 40.07 | NOTE | |||
r-devel-linux-x86_64-fedora-gcc | 0.1.5 | 36.34 | NOTE | |||
r-devel-windows-x86_64 | 0.1.5 | 6.00 | 45.00 | 51.00 | OK | |
r-patched-linux-x86_64 | 0.1.5 | 4.00 | 27.09 | 31.09 | OK | |
r-release-linux-x86_64 | 0.1.5 | 3.92 | 27.10 | 31.02 | OK | |
r-release-macos-arm64 | 0.1.5 | 18.00 | OK | |||
r-release-macos-x86_64 | 0.1.5 | 42.00 | OK | |||
r-release-windows-x86_64 | 0.1.5 | 8.00 | 45.00 | 53.00 | OK | |
r-oldrel-macos-arm64 | 0.1.5 | 21.00 | OK | |||
r-oldrel-macos-x86_64 | 0.1.5 | 41.00 | OK | |||
r-oldrel-windows-x86_64 | 0.1.5 | 10.00 | 48.00 | 58.00 | OK |
Version: 0.1.5
Check: data for non-ASCII characters
Result: NOTE
Note: found 237 marked UTF-8 strings
Flavors: r-devel-linux-x86_64-fedora-clang, r-devel-linux-x86_64-fedora-gcc