CRAN Package Check Results for Package and

Last updated on 2024-06-17 00:49:53 CEST.

Flavor Version Tinstall Tcheck Ttotal Status Flags
r-devel-linux-x86_64-debian-clang 0.1.5 2.87 27.46 30.33 OK
r-devel-linux-x86_64-debian-gcc 0.1.5 3.08 21.43 24.51 OK
r-devel-linux-x86_64-fedora-clang 0.1.5 38.22 NOTE
r-devel-linux-x86_64-fedora-gcc 0.1.5 36.41 NOTE
r-devel-windows-x86_64 0.1.5 5.00 44.00 49.00 OK
r-patched-linux-x86_64 0.1.5 4.43 27.20 31.63 OK
r-release-linux-x86_64 0.1.5 4.02 26.80 30.82 OK
r-release-macos-arm64 0.1.5 19.00 OK
r-release-macos-x86_64 0.1.5 28.00 OK
r-release-windows-x86_64 0.1.5 8.00 45.00 53.00 OK
r-oldrel-macos-arm64 0.1.5 18.00 OK
r-oldrel-macos-x86_64 0.1.5 42.00 OK
r-oldrel-windows-x86_64 0.1.5 6.00 48.00 54.00 OK

Check Details

Version: 0.1.5
Check: data for non-ASCII characters
Result: NOTE Note: found 237 marked UTF-8 strings Flavors: r-devel-linux-x86_64-fedora-clang, r-devel-linux-x86_64-fedora-gcc