CRAN Package Check Results for Package animaltracker

Last updated on 2021-10-21 00:49:37 CEST.

Flavor Version Tinstall Tcheck Ttotal Status Flags
r-devel-linux-x86_64-debian-clang 0.2.0 9.75 87.19 96.94 OK
r-devel-linux-x86_64-debian-gcc 0.2.0 7.61 64.66 72.27 OK
r-devel-linux-x86_64-fedora-clang 0.2.0 127.16 NOTE
r-devel-linux-x86_64-fedora-gcc 0.2.0 111.67 OK
r-devel-windows-x86_64 0.2.0 19.00 114.00 133.00 OK
r-devel-windows-x86_64-gcc10-UCRT 0.2.0 OK
r-patched-linux-x86_64 0.2.0 10.02 83.58 93.60 OK
r-patched-solaris-x86 0.2.0 158.40 OK
r-release-linux-x86_64 0.2.0 9.68 83.64 93.32 OK
r-release-macos-arm64 0.2.0 OK
r-release-macos-x86_64 0.2.0 OK
r-release-windows-ix86+x86_64 0.2.0 17.00 117.00 134.00 OK
r-oldrel-macos-x86_64 0.2.0 OK
r-oldrel-windows-ix86+x86_64 0.2.0 21.00 112.00 133.00 OK

Check Details

Version: 0.2.0
Check: package dependencies
Result: NOTE
    Imports includes 22 non-default packages.
    Importing from so many packages makes the package vulnerable to any of
    them becoming unavailable. Move as many as possible to Suggests and
    use conditionally.
Flavor: r-devel-linux-x86_64-fedora-clang