CRAN Package Check Results for Package anyLib

Last updated on 2024-06-14 00:53:34 CEST.

Flavor Version Tinstall Tcheck Ttotal Status Flags
r-devel-linux-x86_64-debian-clang 1.0.5 2.39 534.10 536.49 NOTE
r-devel-linux-x86_64-debian-gcc 1.0.5 0.32 1.82 2.14 ERROR
r-devel-linux-x86_64-fedora-clang 1.0.5 615.68 NOTE
r-devel-linux-x86_64-fedora-gcc 1.0.5 356.91 NOTE
r-devel-windows-x86_64 1.0.5 3.00 87.00 90.00 NOTE
r-patched-linux-x86_64 1.0.5 1.69 545.34 547.03 NOTE
r-release-linux-x86_64 1.0.5 1.52 496.90 498.42 NOTE
r-release-macos-arm64 1.0.5 87.00 NOTE
r-release-macos-x86_64 1.0.5 117.00 NOTE
r-release-windows-x86_64 1.0.5 3.00 75.00 78.00 NOTE
r-oldrel-macos-arm64 1.0.5 69.00 NOTE
r-oldrel-macos-x86_64 1.0.5 97.00 NOTE
r-oldrel-windows-x86_64 1.0.5 4.00 80.00 84.00 NOTE

Check Details

Version: 1.0.5
Check: LazyData
Result: NOTE 'LazyData' is specified without a 'data' directory Flavors: r-devel-linux-x86_64-debian-clang, r-devel-linux-x86_64-fedora-clang, r-devel-linux-x86_64-fedora-gcc, r-devel-windows-x86_64, r-patched-linux-x86_64, r-release-linux-x86_64, r-release-macos-arm64, r-release-macos-x86_64, r-release-windows-x86_64, r-oldrel-macos-arm64, r-oldrel-macos-x86_64, r-oldrel-windows-x86_64

Version: 1.0.5
Check: package dependencies
Result: ERROR Package required but not available: ‘devtools’ Package suggested but not available for checking: ‘testthat’ See section ‘The DESCRIPTION file’ in the ‘Writing R Extensions’ manual. Flavor: r-devel-linux-x86_64-debian-gcc

Version: 1.0.5
Check: dependencies in R code
Result: NOTE Namespaces in Imports field not imported from: ‘curl’ ‘httr’ All declared Imports should be used. Flavors: r-devel-linux-x86_64-fedora-clang, r-devel-linux-x86_64-fedora-gcc