Last updated on 2023-06-04 00:54:25 CEST.
Flavor | Version | Tinstall | Tcheck | Ttotal | Status | Flags |
---|---|---|---|---|---|---|
r-devel-linux-x86_64-debian-clang | 1.0.5 | 1.89 | 503.96 | 505.85 | NOTE | |
r-devel-linux-x86_64-debian-gcc | 1.0.5 | 1.71 | 373.80 | 375.51 | NOTE | |
r-devel-linux-x86_64-fedora-clang | 1.0.5 | 594.31 | NOTE | |||
r-devel-linux-x86_64-fedora-gcc | 1.0.5 | 101.53 | NOTE | |||
r-devel-windows-x86_64 | 1.0.5 | 5.00 | 72.00 | 77.00 | NOTE | |
r-patched-linux-x86_64 | 1.0.5 | NOTE | ||||
r-release-linux-x86_64 | 1.0.5 | 1.92 | 456.12 | 458.04 | NOTE | |
r-release-macos-arm64 | 1.0.5 | 69.00 | NOTE | |||
r-release-macos-x86_64 | 1.0.5 | 97.00 | NOTE | |||
r-release-windows-x86_64 | 1.0.5 | 5.00 | 73.00 | 78.00 | NOTE | |
r-oldrel-macos-arm64 | 1.0.5 | 139.00 | NOTE | |||
r-oldrel-macos-x86_64 | 1.0.5 | 98.00 | NOTE | |||
r-oldrel-windows-x86_64 | 1.0.5 | 4.00 | 96.00 | 100.00 | NOTE |
Version: 1.0.5
Check: LazyData
Result: NOTE
'LazyData' is specified without a 'data' directory
Flavors: r-devel-linux-x86_64-debian-clang, r-devel-linux-x86_64-debian-gcc, r-devel-linux-x86_64-fedora-clang, r-devel-linux-x86_64-fedora-gcc, r-devel-windows-x86_64, r-patched-linux-x86_64, r-release-linux-x86_64, r-release-macos-arm64, r-release-macos-x86_64, r-release-windows-x86_64, r-oldrel-macos-arm64, r-oldrel-macos-x86_64, r-oldrel-windows-x86_64
Version: 1.0.5
Check: dependencies in R code
Result: NOTE
Namespaces in Imports field not imported from:
‘curl’ ‘httr’
All declared Imports should be used.
Flavors: r-devel-linux-x86_64-fedora-clang, r-devel-linux-x86_64-fedora-gcc, r-oldrel-macos-arm64, r-oldrel-macos-x86_64