Last updated on 2023-04-01 00:52:52 CEST.
Flavor | Version | Tinstall | Tcheck | Ttotal | Status | Flags |
---|---|---|---|---|---|---|
r-devel-linux-x86_64-debian-clang | 1.3.2 | 6.81 | 51.40 | 58.21 | OK | |
r-devel-linux-x86_64-debian-gcc | 1.3.2 | 4.95 | 39.16 | 44.11 | OK | |
r-devel-linux-x86_64-fedora-clang | 1.3.2 | 72.93 | NOTE | |||
r-devel-linux-x86_64-fedora-gcc | 1.3.2 | 68.09 | OK | |||
r-devel-windows-x86_64 | 1.3.2 | 52.00 | 0.00 | 52.00 | OK | |
r-patched-linux-x86_64 | 1.3.2 | 6.71 | 48.72 | 55.43 | OK | |
r-release-linux-x86_64 | 1.3.2 | 6.42 | 49.34 | 55.76 | OK | |
r-release-macos-arm64 | 1.3.2 | 22.00 | OK | |||
r-release-macos-x86_64 | 1.3.2 | 37.00 | OK | |||
r-release-windows-x86_64 | 1.3.2 | 43.00 | 99.00 | 142.00 | OK | |
r-oldrel-macos-arm64 | 1.3.2 | 21.00 | OK | |||
r-oldrel-macos-x86_64 | 1.3.2 | 36.00 | OK | |||
r-oldrel-windows-ix86+x86_64 | 1.3.2 | 15.00 | 77.00 | 92.00 | OK |
Version: 1.3.2
Check: Rd cross-references
Result: NOTE
Undeclared packages ‘geepack’, ‘dispmod’ in Rd xrefs
Flavor: r-devel-linux-x86_64-fedora-clang