CRAN Package Check Results for Package aplot

Last updated on 2021-10-26 00:59:44 CEST.

Flavor Version Tinstall Tcheck Ttotal Status Flags
r-devel-linux-x86_64-debian-clang 0.1.1 4.44 47.28 51.72 OK
r-devel-linux-x86_64-debian-gcc 0.1.1 3.92 35.25 39.17 OK
r-devel-linux-x86_64-fedora-clang 0.1.1 70.94 NOTE
r-devel-linux-x86_64-fedora-gcc 0.1.1 59.21 NOTE
r-devel-windows-x86_64 0.1.1 10.00 67.00 77.00 OK
r-devel-windows-x86_64-gcc10-UCRT 0.1.1 NOTE
r-patched-linux-x86_64 0.1.1 4.70 44.20 48.90 OK
r-patched-solaris-x86 0.1.1 90.40 NOTE
r-release-linux-x86_64 0.1.1 4.48 43.57 48.05 OK
r-release-macos-arm64 0.1.1 NOTE
r-release-macos-x86_64 0.1.1 ERROR
r-release-windows-ix86+x86_64 0.1.1 10.00 66.00 76.00 OK
r-oldrel-macos-x86_64 0.1.1 ERROR
r-oldrel-windows-ix86+x86_64 0.1.1 15.00 72.00 87.00 ERROR

Check Details

Version: 0.1.1
Check: dependencies in R code
Result: NOTE
    Namespace in Imports field not imported from: ‘yulab.utils’
     All declared Imports should be used.
Flavors: r-devel-linux-x86_64-fedora-clang, r-devel-linux-x86_64-fedora-gcc, r-devel-windows-x86_64-gcc10-UCRT, r-patched-solaris-x86, r-release-macos-arm64, r-release-macos-x86_64, r-oldrel-macos-x86_64

Version: 0.1.1
Check: package dependencies
Result: NOTE
    Package suggested but not available for checking: ‘ggtree’
Flavors: r-release-macos-x86_64, r-oldrel-macos-x86_64

Version: 0.1.1
Check: examples
Result: ERROR
    Running examples in ‘aplot-Ex.R’ failed
    The error most likely occurred in:
    
    > ### Name: insert_left
    > ### Title: plot-insertion
    > ### Aliases: insert_left insert_right insert_top insert_bottom
    >
    > ### ** Examples
    >
    > library(ggplot2)
    > library(aplot)
    >
    > p <- ggplot(mtcars, aes(mpg, disp)) + geom_point()
    > p2 <- ggplot(mtcars, aes(mpg)) +
    + geom_density(fill='steelblue', alpha=.5) +
    + ggtree::theme_dendrogram()
    Error in loadNamespace(x) : there is no package called ‘ggtree’
    Calls: loadNamespace -> withRestarts -> withOneRestart -> doWithOneRestart
    Execution halted
Flavor: r-release-macos-x86_64

Version: 0.1.1
Check: examples
Result: ERROR
    Running examples in ‘aplot-Ex.R’ failed
    The error most likely occurred in:
    
    > ### Name: insert_left
    > ### Title: plot-insertion
    > ### Aliases: insert_left insert_right insert_top insert_bottom
    >
    > ### ** Examples
    >
    > library(ggplot2)
    > library(aplot)
    >
    > p <- ggplot(mtcars, aes(mpg, disp)) + geom_point()
    > p2 <- ggplot(mtcars, aes(mpg)) +
    + geom_density(fill='steelblue', alpha=.5) +
    + ggtree::theme_dendrogram()
    Error in loadNamespace(name) : there is no package called ‘ggtree’
    Calls: :: ... loadNamespace -> withRestarts -> withOneRestart -> doWithOneRestart
    Execution halted
Flavor: r-oldrel-macos-x86_64

Version: 0.1.1
Check: examples
Result: ERROR
    Running examples in 'aplot-Ex.R' failed
    The error most likely occurred in:
    
    > ### Name: insert_left
    > ### Title: plot-insertion
    > ### Aliases: insert_left insert_right insert_top insert_bottom
    >
    > ### ** Examples
    >
    > library(ggplot2)
    > library(aplot)
    >
    > p <- ggplot(mtcars, aes(mpg, disp)) + geom_point()
    > p2 <- ggplot(mtcars, aes(mpg)) +
    + geom_density(fill='steelblue', alpha=.5) +
    + ggtree::theme_dendrogram()
    Error: object 'get_aes_var' is not exported by 'namespace:rvcheck'
    Execution halted
Flavor: r-oldrel-windows-ix86+x86_64