CRAN Package Check Results for Package aprof

Last updated on 2021-10-25 00:49:04 CEST.

Flavor Version Tinstall Tcheck Ttotal Status Flags
r-devel-linux-x86_64-debian-clang 0.4.1 2.11 21.67 23.78 OK
r-devel-linux-x86_64-debian-gcc 0.4.1 2.13 17.42 19.55 OK
r-devel-linux-x86_64-fedora-clang 0.4.1 40.96 NOTE
r-devel-linux-x86_64-fedora-gcc 0.4.1 30.15 NOTE
r-devel-windows-x86_64 0.4.1 5.00 38.00 43.00 OK
r-devel-windows-x86_64-gcc10-UCRT 0.4.1 NOTE
r-patched-linux-x86_64 0.4.1 2.86 21.32 24.18 OK
r-patched-solaris-x86 0.4.1 46.90 NOTE
r-release-linux-x86_64 0.4.1 2.62 21.09 23.71 OK
r-release-macos-arm64 0.4.1 NOTE
r-release-macos-x86_64 0.4.1 NOTE
r-release-windows-ix86+x86_64 0.4.1 4.00 42.00 46.00 OK
r-oldrel-macos-x86_64 0.4.1 NOTE
r-oldrel-windows-ix86+x86_64 0.4.1 6.00 41.00 47.00 OK

Check Details

Version: 0.4.1
Check: dependencies in R code
Result: NOTE
    Namespace in Imports field not imported from: ‘testthat’
     All declared Imports should be used.
Flavors: r-devel-linux-x86_64-fedora-clang, r-devel-linux-x86_64-fedora-gcc, r-devel-windows-x86_64-gcc10-UCRT, r-patched-solaris-x86, r-release-macos-arm64, r-release-macos-x86_64, r-oldrel-macos-x86_64