CRAN Package Check Results for Package apsimx

Last updated on 2021-10-21 00:49:37 CEST.

Flavor Version Tinstall Tcheck Ttotal Status Flags
r-devel-linux-x86_64-debian-clang 2.0 18.05 163.73 181.78 OK
r-devel-linux-x86_64-debian-gcc 2.0 12.36 125.07 137.43 OK
r-devel-linux-x86_64-fedora-clang 2.0 239.82 NOTE
r-devel-linux-x86_64-fedora-gcc 2.0 224.17 OK
r-devel-windows-x86_64 2.0 25.00 207.00 232.00 NOTE
r-devel-windows-x86_64-gcc10-UCRT 2.0 NOTE
r-patched-linux-x86_64 2.0 16.44 164.87 181.31 OK
r-patched-solaris-x86 2.0 268.40 NOTE
r-release-linux-x86_64 2.0 14.71 164.94 179.65 OK
r-release-macos-arm64 2.0 NOTE
r-release-macos-x86_64 2.0 NOTE
r-release-windows-ix86+x86_64 2.0 18.00 211.00 229.00 NOTE
r-oldrel-macos-x86_64 2.0 NOTE
r-oldrel-windows-ix86+x86_64 2.0 29.00 207.00 236.00 NOTE

Check Details

Version: 2.0
Check: installed package size
Result: NOTE
     installed size is 6.2Mb
     sub-directories of 1Mb or more:
     extdata 5.0Mb
Flavors: r-devel-linux-x86_64-fedora-clang, r-devel-windows-x86_64, r-patched-solaris-x86, r-release-macos-arm64, r-release-macos-x86_64, r-release-windows-ix86+x86_64, r-oldrel-macos-x86_64, r-oldrel-windows-ix86+x86_64

Version: 2.0
Check: package dependencies
Result: NOTE
    Package suggested but not available for checking: 'FedData'
Flavor: r-devel-windows-x86_64-gcc10-UCRT

Version: 2.0
Check: Rd cross-references
Result: NOTE
    Package unavailable to check Rd xrefs: 'FedData'
Flavor: r-devel-windows-x86_64-gcc10-UCRT