CRAN Package Check Results for Package argonDash

Last updated on 2021-12-03 00:48:33 CET.

Flavor Version Tinstall Tcheck Ttotal Status Flags
r-devel-linux-x86_64-debian-clang 0.2.0 2.75 23.24 25.99 NOTE
r-devel-linux-x86_64-debian-gcc 0.2.0 1.86 18.72 20.58 NOTE
r-devel-linux-x86_64-fedora-clang 0.2.0 42.74 NOTE
r-devel-linux-x86_64-fedora-gcc 0.2.0 34.15 NOTE
r-devel-windows-x86_64-new-UL 0.2.0 12.00 65.00 77.00 NOTE
r-devel-windows-x86_64-new-TK 0.2.0 NOTE
r-devel-windows-x86_64-old 0.2.0 6.00 31.00 37.00 NOTE
r-patched-linux-x86_64 0.2.0 6.72 22.54 29.26 NOTE
r-patched-solaris-x86 0.2.0 64.90 NOTE
r-release-linux-x86_64 0.2.0 3.00 22.29 25.29 NOTE
r-release-macos-arm64 0.2.0 NOTE
r-release-macos-x86_64 0.2.0 NOTE
r-release-windows-ix86+x86_64 0.2.0 7.00 41.00 48.00 NOTE
r-oldrel-macos-x86_64 0.2.0 OK
r-oldrel-windows-ix86+x86_64 0.2.0 8.00 39.00 47.00 OK

Check Details

Version: 0.2.0
Check: LazyData
Result: NOTE
     'LazyData' is specified without a 'data' directory
Flavors: r-devel-linux-x86_64-debian-clang, r-devel-linux-x86_64-debian-gcc, r-devel-linux-x86_64-fedora-clang, r-devel-linux-x86_64-fedora-gcc, r-devel-windows-x86_64-new-UL, r-devel-windows-x86_64-new-TK, r-devel-windows-x86_64-old, r-patched-linux-x86_64, r-patched-solaris-x86, r-release-linux-x86_64, r-release-macos-arm64, r-release-macos-x86_64, r-release-windows-ix86+x86_64