CRAN Package Check Results for Package ariExtra

Last updated on 2021-10-23 00:48:46 CEST.

Flavor Version Tinstall Tcheck Ttotal Status Flags
r-devel-linux-x86_64-debian-clang 0.3.1 7.05 98.71 105.76 OK
r-devel-linux-x86_64-debian-gcc 0.3.1 6.27 73.42 79.69 OK
r-devel-linux-x86_64-fedora-clang 0.3.1 164.37 OK
r-devel-linux-x86_64-fedora-gcc 0.3.1 143.23 OK
r-devel-windows-x86_64 0.3.1 14.00 145.00 159.00 OK
r-devel-windows-x86_64-gcc10-UCRT 0.3.1 ERROR
r-patched-linux-x86_64 0.3.1 14.14 91.44 105.58 OK
r-patched-solaris-x86 0.3.1 172.30 OK
r-release-linux-x86_64 0.3.1 7.15 91.73 98.88 OK
r-release-macos-arm64 0.3.1 OK
r-release-macos-x86_64 0.3.1 OK
r-release-windows-ix86+x86_64 0.3.1 14.00 122.00 136.00 OK
r-oldrel-macos-x86_64 0.3.1 OK
r-oldrel-windows-ix86+x86_64 0.3.1 21.00 140.00 161.00 OK

Check Details

Version: 0.3.1
Check: tests
Result: ERROR
     Running 'testthat.R'
    Running the tests in 'tests/testthat.R' failed.
    Complete output:
     > library(testthat)
     > library(ariExtra)
     >
     > test_check("ariExtra")
     Converting page 1 to C:\r_packages\pkgcheck\CRAN\ariExtra\tmp\RtmpOWhNXT\file841c36263ef4.png... done!
     Converting page 2 to C:\r_packages\pkgcheck\CRAN\ariExtra\tmp\RtmpOWhNXT\file841c38ff5783.png... done!
     Converting page 3 to C:\r_packages\pkgcheck\CRAN\ariExtra\tmp\RtmpOWhNXT\file841c5016747f.png... done!
     Converting page 4 to C:\r_packages\pkgcheck\CRAN\ariExtra\tmp\RtmpOWhNXT\file841c57874939.png... done!
     Converting page 5 to C:\r_packages\pkgcheck\CRAN\ariExtra\tmp\RtmpOWhNXT\file841c5187272b.png... done!
     Converting page 6 to C:\r_packages\pkgcheck\CRAN\ariExtra\tmp\RtmpOWhNXT\file841c61632bcb.png... done!
     Converting page 7 to C:\r_packages\pkgcheck\CRAN\ariExtra\tmp\RtmpOWhNXT\file841c6f4c4220.png... done!
     Converting page 1 to C:\r_packages\pkgcheck\CRAN\ariExtra\tmp\RtmpOWhNXT\file841c4d4b4343.png... done!
     Converting page 2 to C:\r_packages\pkgcheck\CRAN\ariExtra\tmp\RtmpOWhNXT\file841c69e4150d.png... done!
     Converting page 3 to C:\r_packages\pkgcheck\CRAN\ariExtra\tmp\RtmpOWhNXT\file841c520df9.png... done!
     Converting page 4 to C:\r_packages\pkgcheck\CRAN\ariExtra\tmp\RtmpOWhNXT\file841c6f7553eb.png... done!
     Converting page 5 to C:\r_packages\pkgcheck\CRAN\ariExtra\tmp\RtmpOWhNXT\file841c3c025704.png... done!
     Converting page 6 to C:\r_packages\pkgcheck\CRAN\ariExtra\tmp\RtmpOWhNXT\file841c6d6b1b79.png... done!
     Converting page 7 to C:\r_packages\pkgcheck\CRAN\ariExtra\tmp\RtmpOWhNXT\file841c46a91381.png... done!
     ordinary text without R code
    
     label: setup (with options)
     List of 1
     $ include: logi FALSE
    
     ordinary text without R code
    
     label: unnamed-chunk-1 (with options)
     List of 1
     $ fig.height: num 4
    
     ordinary text without R code
    
     "C:/PROGRA~1/Pandoc/pandoc" +RTS -K512m -RTS file841c572a6d4d.knit.md --to html4 --from markdown+autolink_bare_uris+tex_math_single_backslash --output pandoc841c97a3a19.html --lua-filter "C:\r_packages\pkgcheck\lib\rmarkdown\rmarkdown\lua\pagebreak.lua" --lua-filter "C:\r_packages\pkgcheck\lib\rmarkdown\rmarkdown\lua\latex-div.lua" -V "mathjax-url=https://mathjax.rstudio.com/latest/MathJax.js?config=TeX-MML-AM_CHTML" -V "title-slide-class=center, middle, inverse, title-slide" --standalone --section-divs --template "C:\r_packages\pkgcheck\lib\xaringan\rmarkdown\templates\xaringan\resources\default.html" --no-highlight --include-in-header "C:\r_packages\pkgcheck\CRAN\ariExtra\tmp\RtmpOWhNXT\rmarkdown-str841c26446182.html" --include-before-body "C:\r_packages\pkgcheck\CRAN\ariExtra\tmp\RtmpOWhNXT\xaringan841c2db24a55.md" --include-after-body "C:\r_packages\pkgcheck\CRAN\ariExtra\tmp\RtmpOWhNXT\xaringan841c16e81e44.js" --variable title-slide=true --variable math=true
     $script
     [1] "C:\\r_packages\\pkgcheck\\CRAN\\ariExtra\\tmp\\RtmpOWhNXT\\file841c65652726.md"
    
     $paragraphs
     [1] "this" "is" "one" "word" "per slide"
    
     [2021-10-20 03:24:57] [error] handle_read_frame error: asio.system:10054 (An existing connection was forcibly closed by the remote host.)
     Could not load file:///C:/r_packages/pkgcheck/CRAN/ariExtra/ariExtra.Rcheck/tests/testthat/file:/localhost/C:/r_packages/pkgcheck/CRAN/ariExtra/tmp/RtmpOWhNXT/file841ccea6733.html#1
     Receiving PDF from a stream
     stream chunk received
     stream chunk received
     No more stream chunk to read
     closing stream
     Converting page 1 to C:\r_packages\pkgcheck\CRAN\ariExtra\tmp\RtmpOWhNXT\file841c101666b7.png... done!
     Converting page 2 to C:\r_packages\pkgcheck\CRAN\ariExtra\tmp\RtmpOWhNXT\file841c12ee7a30.png... done!
     Converting page 3 to C:\r_packages\pkgcheck\CRAN\ariExtra\tmp\RtmpOWhNXT\file841c315a6817.png... done!
     Converting page 4 to C:\r_packages\pkgcheck\CRAN\ariExtra\tmp\RtmpOWhNXT\file841c3b7b1bfe.png... done!
     Converting page 5 to C:\r_packages\pkgcheck\CRAN\ariExtra\tmp\RtmpOWhNXT\file841c69966680.png... done!
     [2021-10-20 03:25:24] [error] handle_read_frame error: asio.system:10054 (An existing connection was forcibly closed by the remote host.)
     Receiving PDF from a stream
     stream chunk received
     stream chunk received
     No more stream chunk to read
     closing stream
     Converting page 1 to C:\r_packages\pkgcheck\CRAN\ariExtra\tmp\RtmpOWhNXT\file841c147060c2.png... done!
     Converting page 2 to C:\r_packages\pkgcheck\CRAN\ariExtra\tmp\RtmpOWhNXT\file841c370440b3.png... done!
     Converting page 3 to C:\r_packages\pkgcheck\CRAN\ariExtra\tmp\RtmpOWhNXT\file841c5bb8283f.png... done!
     Converting page 4 to C:\r_packages\pkgcheck\CRAN\ariExtra\tmp\RtmpOWhNXT\file841c6192059.png... done!
     Converting page 5 to C:\r_packages\pkgcheck\CRAN\ariExtra\tmp\RtmpOWhNXT\file841c74006eb4.png... done!
     ══ Skipped tests ═══════════════════════════════════════════════════════════════
     • On CRAN (1)
     • empty test (1)
    
     ══ Failed tests ════════════════════════════════════════════════════════════════
     ── Failure (test-rmd_to_ari.R:41:9): xaringan example ──────────────────────────
     `{ ... }` threw an error with unexpected message.
     Expected match: "Failed to generate|Cannot find.* Chrome|pagedown package needed|not executable"
     Actual message: "webshot.js returned failure value: 1"
     Backtrace:
     █
     1. ├─testthat::expect_error(...) test-rmd_to_ari.R:41:8
     2. │ └─testthat:::quasi_capture(...)
     3. │ ├─testthat:::.capture(...)
     4. │ │ └─base::withCallingHandlers(...)
     5. │ └─rlang::eval_bare(quo_get_expr(.quo), quo_get_env(.quo))
     6. └─ariExtra:::run_rmd("webshot", script = script, rendered_file = rendered_file) test-rmd_to_ari.R:42:10
     7. └─ariExtra::rmd_to_ari(...) test-rmd_to_ari.R:20:6
     8. ├─base::do.call(webshot::webshot, args = args)
     9. └─(function (url = NULL, file = "webshot.png", vwidth = 992, vheight = 744, ...
     ── Failure (test-rmd_to_ari.R:48:7): xaringan example ──────────────────────────
     `{ ... }` did not throw an error.
    
     [ FAIL 2 | WARN 9 | SKIP 2 | PASS 4 ]
     Error: Test failures
     Execution halted
Flavor: r-devel-windows-x86_64-gcc10-UCRT