CRAN Package Check Results for Package aroma.cn

Last updated on 2021-11-27 00:51:24 CET.

Flavor Version Tinstall Tcheck Ttotal Status Flags
r-devel-linux-x86_64-debian-clang 1.6.1 11.89 84.22 96.11 OK
r-devel-linux-x86_64-debian-gcc 1.6.1 8.78 63.71 72.49 OK
r-devel-linux-x86_64-fedora-clang 1.6.1 128.87 OK
r-devel-linux-x86_64-fedora-gcc 1.6.1 115.64 OK
r-devel-windows-x86_64-new-UL 1.6.1 32.00 128.00 160.00 OK
r-devel-windows-x86_64-new-TK 1.6.1 OK
r-devel-windows-x86_64-old 1.6.1 13.00 105.00 118.00 OK
r-patched-linux-x86_64 1.6.1 11.80 82.14 93.94 OK
r-patched-solaris-x86 1.6.1 152.60 OK
r-release-linux-x86_64 1.6.1 OK
r-release-macos-arm64 1.6.1 NOTE
r-release-macos-x86_64 1.6.1 NOTE
r-release-windows-ix86+x86_64 1.6.1 25.00 78.00 103.00 OK
r-oldrel-macos-x86_64 1.6.1 NOTE
r-oldrel-windows-ix86+x86_64 1.6.1 19.00 103.00 122.00 OK

Check Details

Version: 1.6.1
Check: package dependencies
Result: NOTE
    Package suggested but not available for checking: ‘GLAD’
Flavors: r-release-macos-arm64, r-release-macos-x86_64, r-oldrel-macos-x86_64