Last updated on 2023-12-04 00:52:34 CET.
Flavor | Version | Tinstall | Tcheck | Ttotal | Status | Flags |
---|---|---|---|---|---|---|
r-devel-linux-x86_64-debian-clang | 2.4 | 16.63 | 116.09 | 132.72 | NOTE | |
r-devel-linux-x86_64-debian-gcc | 2.4 | 14.74 | 84.90 | 99.64 | NOTE | |
r-devel-linux-x86_64-fedora-clang | 2.4 | 170.27 | NOTE | |||
r-devel-linux-x86_64-fedora-gcc | 2.4 | 160.86 | NOTE | |||
r-devel-windows-x86_64 | 2.4 | 15.00 | 104.00 | 119.00 | NOTE | |
r-patched-linux-x86_64 | 2.4 | 20.66 | 111.16 | 131.82 | OK | |
r-release-linux-x86_64 | 2.4 | 15.70 | 110.45 | 126.15 | OK | |
r-release-macos-arm64 | 2.4 | 44.00 | OK | |||
r-release-macos-x86_64 | 2.4 | 78.00 | OK | |||
r-release-windows-x86_64 | 2.4 | 19.00 | 121.00 | 140.00 | OK | |
r-oldrel-macos-arm64 | 2.4 | 46.00 | OK | |||
r-oldrel-macos-x86_64 | 2.4 | 61.00 | OK | |||
r-oldrel-windows-x86_64 | 2.4 | 22.00 | 112.00 | 134.00 | OK |
Version: 2.4
Check: Rd \usage sections
Result: NOTE
Documented arguments not in \usage in Rd file 'RweaveAsciiSetup.Rd':
‘stylepath’
Documented arguments not in \usage in Rd file 'RweaveOrg.Rd':
‘stylepath’
Documented arguments not in \usage in Rd file 'RweavePandoc.Rd':
‘stylepath’
Documented arguments not in \usage in Rd file 'RweaveReST.Rd':
‘stylepath’
Documented arguments not in \usage in Rd file 'RweaveT2t.Rd':
‘stylepath’
Documented arguments not in \usage in Rd file 'RweaveTextile.Rd':
‘stylepath’
Functions with \usage entries need to have the appropriate \alias
entries, and all their arguments documented.
The \usage entries must correspond to syntactically valid R code.
See chapter ‘Writing R documentation files’ in the ‘Writing R
Extensions’ manual.
Flavors: r-devel-linux-x86_64-debian-clang, r-devel-linux-x86_64-debian-gcc, r-devel-linux-x86_64-fedora-clang, r-devel-linux-x86_64-fedora-gcc, r-devel-windows-x86_64