CRAN Package Check Results for Package assertive.datetimes

Last updated on 2021-10-19 00:49:10 CEST.

Flavor Version Tinstall Tcheck Ttotal Status Flags
r-devel-linux-x86_64-debian-clang 0.0-3 1.85 24.31 26.16 NOTE
r-devel-linux-x86_64-debian-gcc 0.0-3 1.67 19.41 21.08 NOTE
r-devel-linux-x86_64-fedora-clang 0.0-3 42.67 NOTE
r-devel-linux-x86_64-fedora-gcc 0.0-3 31.98 NOTE
r-devel-windows-x86_64 0.0-3 5.00 42.00 47.00 NOTE
r-devel-windows-x86_64-gcc10-UCRT 0.0-3 NOTE
r-patched-linux-x86_64 0.0-3 2.14 23.52 25.66 NOTE
r-patched-solaris-x86 0.0-3 50.90 NOTE
r-release-linux-x86_64 0.0-3 2.06 23.57 25.63 NOTE
r-release-macos-arm64 0.0-3 NOTE
r-release-macos-x86_64 0.0-3 NOTE
r-release-windows-ix86+x86_64 0.0-3 4.00 45.00 49.00 NOTE
r-oldrel-macos-x86_64 0.0-3 OK
r-oldrel-windows-ix86+x86_64 0.0-3 5.00 43.00 48.00 OK

Check Details

Version: 0.0-3
Check: LazyData
Result: NOTE
     'LazyData' is specified without a 'data' directory
Flavors: r-devel-linux-x86_64-debian-clang, r-devel-linux-x86_64-debian-gcc, r-devel-linux-x86_64-fedora-clang, r-devel-linux-x86_64-fedora-gcc, r-devel-windows-x86_64, r-devel-windows-x86_64-gcc10-UCRT, r-patched-linux-x86_64, r-patched-solaris-x86, r-release-linux-x86_64, r-release-macos-arm64, r-release-macos-x86_64, r-release-windows-ix86+x86_64