CRAN Package Check Results for Package assertive.strings

Last updated on 2021-12-03 00:48:33 CET.

Flavor Version Tinstall Tcheck Ttotal Status Flags
r-devel-linux-x86_64-debian-clang 0.0-3 2.08 27.24 29.32 NOTE
r-devel-linux-x86_64-debian-gcc 0.0-3 2.04 21.58 23.62 NOTE
r-devel-linux-x86_64-fedora-clang 0.0-3 49.40 NOTE
r-devel-linux-x86_64-fedora-gcc 0.0-3 38.02 NOTE
r-devel-windows-x86_64-new-UL 0.0-3 7.00 63.00 70.00 NOTE
r-devel-windows-x86_64-new-TK 0.0-3 NOTE
r-devel-windows-x86_64-old 0.0-3 4.00 38.00 42.00 NOTE
r-patched-linux-x86_64 0.0-3 2.81 26.50 29.31 NOTE
r-patched-solaris-x86 0.0-3 59.60 NOTE
r-release-linux-x86_64 0.0-3 2.62 26.22 28.84 NOTE
r-release-macos-arm64 0.0-3 NOTE
r-release-macos-x86_64 0.0-3 NOTE
r-release-windows-ix86+x86_64 0.0-3 5.00 45.00 50.00 NOTE
r-oldrel-macos-x86_64 0.0-3 OK
r-oldrel-windows-ix86+x86_64 0.0-3 5.00 46.00 51.00 OK

Check Details

Version: 0.0-3
Check: LazyData
Result: NOTE
     'LazyData' is specified without a 'data' directory
Flavors: r-devel-linux-x86_64-debian-clang, r-devel-linux-x86_64-debian-gcc, r-devel-linux-x86_64-fedora-clang, r-devel-linux-x86_64-fedora-gcc, r-devel-windows-x86_64-new-UL, r-devel-windows-x86_64-new-TK, r-devel-windows-x86_64-old, r-patched-linux-x86_64, r-patched-solaris-x86, r-release-linux-x86_64, r-release-macos-arm64, r-release-macos-x86_64, r-release-windows-ix86+x86_64