CRAN Package Check Results for Package assertive.types

Last updated on 2021-10-22 00:50:18 CEST.

Flavor Version Tinstall Tcheck Ttotal Status Flags
r-devel-linux-x86_64-debian-clang 0.0-3 3.53 34.95 38.48 NOTE
r-devel-linux-x86_64-debian-gcc 0.0-3 2.80 27.32 30.12 NOTE
r-devel-linux-x86_64-fedora-clang 0.0-3 59.36 NOTE
r-devel-linux-x86_64-fedora-gcc 0.0-3 48.04 NOTE
r-devel-windows-x86_64 0.0-3 9.00 54.00 63.00 NOTE
r-devel-windows-x86_64-gcc10-UCRT 0.0-3 NOTE
r-patched-linux-x86_64 0.0-3 7.32 33.58 40.90 NOTE
r-patched-solaris-x86 0.0-3 72.70 NOTE
r-release-linux-x86_64 0.0-3 3.68 33.87 37.55 NOTE
r-release-macos-arm64 0.0-3 NOTE
r-release-macos-x86_64 0.0-3 NOTE
r-release-windows-ix86+x86_64 0.0-3 6.00 58.00 64.00 NOTE
r-oldrel-macos-x86_64 0.0-3 OK
r-oldrel-windows-ix86+x86_64 0.0-3 8.00 59.00 67.00 OK

Check Details

Version: 0.0-3
Check: LazyData
Result: NOTE
     'LazyData' is specified without a 'data' directory
Flavors: r-devel-linux-x86_64-debian-clang, r-devel-linux-x86_64-debian-gcc, r-devel-linux-x86_64-fedora-clang, r-devel-linux-x86_64-fedora-gcc, r-devel-windows-x86_64, r-devel-windows-x86_64-gcc10-UCRT, r-patched-linux-x86_64, r-patched-solaris-x86, r-release-linux-x86_64, r-release-macos-arm64, r-release-macos-x86_64, r-release-windows-ix86+x86_64

Version: 0.0-3
Check: Rd cross-references
Result: NOTE
    Undeclared package ‘pryr’ in Rd xrefs
Flavor: r-devel-linux-x86_64-fedora-clang