CRAN Package Check Results for Package assertthat

Last updated on 2021-09-21 00:48:45 CEST.

Flavor Version Tinstall Tcheck Ttotal Status Flags
r-devel-linux-x86_64-debian-clang 0.2.1 2.35 24.86 27.21 OK
r-devel-linux-x86_64-debian-gcc 0.2.1 1.69 19.95 21.64 OK
r-devel-linux-x86_64-fedora-clang 0.2.1 42.09 OK
r-devel-linux-x86_64-fedora-gcc 0.2.1 32.04 OK
r-devel-windows-x86_64 0.2.1 3.00 29.00 32.00 OK
r-devel-windows-x86_64-gcc10-UCRT 0.2.1 ERROR
r-patched-linux-x86_64 0.2.1 2.45 24.38 26.83 OK
r-patched-solaris-x86 0.2.1 52.40 OK
r-release-linux-x86_64 0.2.1 2.09 24.23 26.32 OK
r-release-macos-arm64 0.2.1 OK
r-release-macos-x86_64 0.2.1 OK
r-release-windows-ix86+x86_64 0.2.1 8.00 40.00 48.00 OK
r-oldrel-macos-x86_64 0.2.1 OK
r-oldrel-windows-ix86+x86_64 0.2.1 5.00 34.00 39.00 OK

Check Details

Version: 0.2.1
Check: whether package can be installed
Result: WARN
    Found the following significant warnings:
     WARNING: installation-time patches will not be applied, could not get the patches index
Flavor: r-devel-windows-x86_64-gcc10-UCRT

Version: 0.2.1
Check: PDF version of manual
Result: WARN
    LaTeX errors when creating PDF version.
    This typically indicates Rd problems.
Flavor: r-devel-windows-x86_64-gcc10-UCRT

Version: 0.2.1
Check: PDF version of manual without hyperrefs or index
Result: ERROR
    Re-running with no redirection of stdout/stderr.
Flavor: r-devel-windows-x86_64-gcc10-UCRT