Last updated on 2023-05-30 00:59:39 CEST.
Flavor | Version | Tinstall | Tcheck | Ttotal | Status | Flags |
---|---|---|---|---|---|---|
r-devel-linux-x86_64-debian-clang | 0.5.1 | 4.53 | 59.19 | 63.72 | OK | |
r-devel-linux-x86_64-debian-gcc | 0.5.1 | 4.12 | 44.85 | 48.97 | OK | |
r-devel-linux-x86_64-fedora-clang | 0.5.1 | 78.11 | NOTE | |||
r-devel-linux-x86_64-fedora-gcc | 0.5.1 | 86.52 | NOTE | |||
r-devel-windows-x86_64 | 0.5.1 | 7.00 | 68.00 | 75.00 | OK | |
r-patched-linux-x86_64 | 0.5.1 | 5.04 | 56.25 | 61.29 | OK | |
r-release-linux-x86_64 | 0.5.1 | 4.64 | 56.52 | 61.16 | OK | |
r-release-macos-arm64 | 0.5.1 | 28.00 | OK | |||
r-release-macos-x86_64 | 0.5.0 | 41.00 | OK | |||
r-release-windows-x86_64 | 0.5.1 | 7.00 | 76.00 | 83.00 | OK | |
r-oldrel-macos-arm64 | 0.5.1 | 54.00 | OK | |||
r-oldrel-macos-x86_64 | 0.5.1 | 41.00 | OK | |||
r-oldrel-windows-x86_64 | 0.5.1 | 8.00 | 78.00 | 86.00 | OK |
Version: 0.5.1
Check: data for non-ASCII characters
Result: NOTE
Note: found 54582 marked UTF-8 strings
Flavors: r-devel-linux-x86_64-fedora-clang, r-devel-linux-x86_64-fedora-gcc