CRAN Package Check Results for Package autoGO

Last updated on 2024-02-22 00:58:24 CET.

Flavor Version Tinstall Tcheck Ttotal Status Flags
r-devel-linux-x86_64-debian-clang 0.9.1 OK
r-devel-linux-x86_64-debian-gcc 0.9.1 49.10 380.26 429.36 OK
r-devel-linux-x86_64-fedora-clang 0.9.1 749.37 OK
r-devel-linux-x86_64-fedora-gcc 0.9.1 714.89 OK
r-devel-windows-x86_64 0.9.1 58.00 354.00 412.00 OK
r-patched-linux-x86_64 0.9.1 47.80 494.44 542.24 OK
r-release-linux-x86_64 0.9.1 52.52 488.66 541.18 OK
r-release-macos-arm64 0.9.1 10.00 ERROR
r-release-macos-x86_64 0.9.1 9.00 ERROR
r-release-windows-x86_64 0.9.1 75.00 474.00 549.00 OK
r-oldrel-macos-arm64 0.9.1 174.00 OK
r-oldrel-windows-x86_64 0.9.1 69.00 427.00 496.00 OK

Check Details

Version: 0.9.1
Check: package dependencies
Result: ERROR Package required but not available: ‘GSVA’ See section ‘The DESCRIPTION file’ in the ‘Writing R Extensions’ manual. Flavors: r-release-macos-arm64, r-release-macos-x86_64