CRAN Package Check Results for Package automagic

Last updated on 2023-09-23 00:53:47 CEST.

Flavor Version Tinstall Tcheck Ttotal Status Flags
r-devel-linux-x86_64-debian-clang 0.5.1 1.59 23.98 25.57 NOTE
r-devel-linux-x86_64-debian-gcc 0.5.1 1.43 18.94 20.37 NOTE
r-devel-linux-x86_64-fedora-clang 0.5.1 33.30 NOTE
r-devel-linux-x86_64-fedora-gcc 0.5.1 33.73 NOTE
r-devel-windows-x86_64 0.5.1 4.00 42.00 46.00 NOTE
r-patched-linux-x86_64 0.5.1 2.56 23.65 26.21 NOTE
r-release-linux-x86_64 0.5.1 1.81 24.05 25.86 NOTE
r-release-macos-arm64 0.5.1 15.00 NOTE
r-release-macos-x86_64 0.5.1 20.00 NOTE
r-release-windows-x86_64 0.5.1 5.00 43.00 48.00 NOTE
r-oldrel-macos-arm64 0.5.1 14.00 NOTE
r-oldrel-macos-x86_64 0.5.1 22.00 NOTE
r-oldrel-windows-x86_64 0.5.1 5.00 43.00 48.00 NOTE

Check Details

Version: 0.5.1
Check: LazyData
Result: NOTE
     'LazyData' is specified without a 'data' directory
Flavors: r-devel-linux-x86_64-debian-clang, r-devel-linux-x86_64-debian-gcc, r-devel-linux-x86_64-fedora-clang, r-devel-linux-x86_64-fedora-gcc, r-devel-windows-x86_64, r-patched-linux-x86_64, r-release-linux-x86_64, r-release-macos-arm64, r-release-macos-x86_64, r-release-windows-x86_64, r-oldrel-macos-arm64, r-oldrel-macos-x86_64, r-oldrel-windows-x86_64