CRAN Package Check Results for Package automl

Last updated on 2024-07-14 00:55:18 CEST.

Flavor Version Tinstall Tcheck Ttotal Status Flags
r-devel-linux-x86_64-debian-clang 1.3.2 6.18 43.82 50.00 NOTE
r-devel-linux-x86_64-debian-gcc 1.3.2 3.53 33.67 37.20 NOTE
r-devel-linux-x86_64-fedora-clang 1.3.2 62.26 NOTE
r-devel-linux-x86_64-fedora-gcc 1.3.2 70.39 NOTE
r-devel-windows-x86_64 1.3.2 4.00 60.00 64.00 NOTE
r-patched-linux-x86_64 1.3.2 3.89 43.56 47.45 NOTE
r-release-linux-x86_64 1.3.2 4.57 42.15 46.72 NOTE
r-release-macos-arm64 1.3.2 27.00 NOTE
r-release-macos-x86_64 1.3.2 41.00 NOTE
r-release-windows-x86_64 1.3.2 5.00 58.00 63.00 NOTE
r-oldrel-macos-arm64 1.3.2 27.00 NOTE
r-oldrel-macos-x86_64 1.3.2 42.00 NOTE
r-oldrel-windows-x86_64 1.3.2 9.00 61.00 70.00 NOTE

Check Details

Version: 1.3.2
Check: LazyData
Result: NOTE 'LazyData' is specified without a 'data' directory Flavors: r-devel-linux-x86_64-debian-clang, r-devel-linux-x86_64-debian-gcc, r-devel-linux-x86_64-fedora-clang, r-devel-linux-x86_64-fedora-gcc, r-devel-windows-x86_64, r-patched-linux-x86_64, r-release-linux-x86_64, r-release-macos-arm64, r-release-macos-x86_64, r-release-windows-x86_64, r-oldrel-macos-arm64, r-oldrel-macos-x86_64, r-oldrel-windows-x86_64