Last updated on 2023-03-22 00:52:15 CET.
Flavor | Version | Tinstall | Tcheck | Ttotal | Status | Flags |
---|---|---|---|---|---|---|
r-devel-linux-x86_64-debian-clang | 0.2.1 | 2.56 | 27.90 | 30.46 | OK | |
r-devel-linux-x86_64-debian-gcc | 0.2.1 | 2.12 | 22.01 | 24.13 | OK | |
r-devel-linux-x86_64-fedora-clang | 0.2.1 | 39.22 | OK | |||
r-devel-linux-x86_64-fedora-gcc | 0.2.1 | 49.94 | OK | |||
r-devel-windows-x86_64 | 0.2.1 | 8.00 | 94.00 | 102.00 | OK | |
r-patched-linux-x86_64 | 0.2.1 | 2.83 | 28.14 | 30.97 | OK | |
r-release-linux-x86_64 | 0.2.1 | 2.47 | 28.30 | 30.77 | OK | |
r-release-macos-arm64 | 0.2.1 | 24.00 | OK | |||
r-release-macos-x86_64 | 0.2.1 | 32.00 | OK | |||
r-release-windows-x86_64 | 0.2.1 | 59.00 | 78.00 | 137.00 | OK | |
r-oldrel-macos-arm64 | 0.2.1 | 35.00 | OK | |||
r-oldrel-macos-x86_64 | 0.2.1 | 42.00 | OK | |||
r-oldrel-windows-ix86+x86_64 | 0.2.1 | 12.00 | 80.00 | 92.00 | NOTE |
Version: 0.2.1
Check: R code for possible problems
Result: NOTE
Initiating curl with CURL_SSL_BACKEND: openssl
Flavor: r-oldrel-windows-ix86+x86_64