Last updated on 2023-03-22 00:52:15 CET.
Flavor | Version | Tinstall | Tcheck | Ttotal | Status | Flags |
---|---|---|---|---|---|---|
r-devel-linux-x86_64-debian-clang | 0.2.0 | 2.11 | 22.81 | 24.92 | OK | |
r-devel-linux-x86_64-debian-gcc | 0.2.0 | 1.71 | 18.52 | 20.23 | OK | |
r-devel-linux-x86_64-fedora-clang | 0.2.0 | 32.37 | OK | |||
r-devel-linux-x86_64-fedora-gcc | 0.2.0 | 30.19 | OK | |||
r-devel-windows-x86_64 | 0.2.0 | 22.00 | 67.00 | 89.00 | OK | |
r-patched-linux-x86_64 | 0.2.0 | 1.87 | 23.07 | 24.94 | OK | |
r-release-linux-x86_64 | 0.2.0 | 1.96 | 23.33 | 25.29 | OK | |
r-release-macos-arm64 | 0.2.0 | 22.00 | OK | |||
r-release-macos-x86_64 | 0.2.0 | 27.00 | OK | |||
r-release-windows-x86_64 | 0.2.0 | 16.00 | 69.00 | 85.00 | OK | |
r-oldrel-macos-arm64 | 0.2.0 | 25.00 | OK | |||
r-oldrel-macos-x86_64 | 0.2.0 | 29.00 | OK | |||
r-oldrel-windows-ix86+x86_64 | 0.2.0 | 10.00 | 71.00 | 81.00 | NOTE |
Version: 0.2.0
Check: R code for possible problems
Result: NOTE
Initiating curl with CURL_SSL_BACKEND: openssl
Flavor: r-oldrel-windows-ix86+x86_64