Last updated on 2023-03-27 00:50:18 CEST.
Flavor | Version | Tinstall | Tcheck | Ttotal | Status | Flags |
---|---|---|---|---|---|---|
r-devel-linux-x86_64-debian-clang | 1.0.5 | 15.32 | 172.95 | 188.27 | NOTE | |
r-devel-linux-x86_64-debian-gcc | 1.0.5 | 14.48 | 131.08 | 145.56 | NOTE | |
r-devel-linux-x86_64-fedora-gcc | 1.0.5 | 231.00 | NOTE | |||
r-devel-windows-x86_64 | 1.0.5 | 389.00 | 356.00 | 745.00 | NOTE | |
r-patched-linux-x86_64 | 1.0.5 | 33.34 | 164.83 | 198.17 | NOTE | |
r-release-linux-x86_64 | 1.0.5 | 16.23 | 124.64 | 140.87 | OK | |
r-release-macos-arm64 | 1.0.5 | 50.00 | OK | |||
r-release-macos-x86_64 | 1.0.5 | 77.00 | OK | |||
r-release-windows-x86_64 | 1.0.5 | 92.00 | 237.00 | 329.00 | OK | |
r-oldrel-macos-arm64 | 1.0.5 | 54.00 | OK | |||
r-oldrel-macos-x86_64 | 1.0.5 | 76.00 | OK | |||
r-oldrel-windows-ix86+x86_64 | 1.0.5 | 38.00 | 271.00 | 309.00 | NOTE |
Version: 1.0.5
Check: Rd files
Result: NOTE
checkRd: (-1) ec2_create_security_group.Rd:66: Escaped LaTeX specials: \#
checkRd: (-1) ec2_create_security_group.Rd:66: Escaped LaTeX specials: \$
checkRd: (-1) ec2_create_security_group.Rd:79: Escaped LaTeX specials: \#
checkRd: (-1) ec2_create_security_group.Rd:79: Escaped LaTeX specials: \$
Flavors: r-devel-linux-x86_64-debian-clang, r-devel-linux-x86_64-debian-gcc, r-devel-linux-x86_64-fedora-gcc, r-devel-windows-x86_64, r-patched-linux-x86_64
Version: 1.0.5
Check: R code for possible problems
Result: NOTE
Initiating curl with CURL_SSL_BACKEND: openssl
Flavor: r-oldrel-windows-ix86+x86_64