Last updated on 2023-03-27 00:50:18 CEST.
Flavor | Version | Tinstall | Tcheck | Ttotal | Status | Flags |
---|---|---|---|---|---|---|
r-devel-linux-x86_64-debian-clang | 0.1.8 | 3.88 | 32.38 | 36.26 | OK | |
r-devel-linux-x86_64-debian-gcc | 0.1.8 | 3.28 | 25.24 | 28.52 | OK | |
r-devel-linux-x86_64-fedora-gcc | 0.1.8 | 43.16 | OK | |||
r-devel-windows-x86_64 | 0.1.8 | 43.00 | 85.00 | 128.00 | OK | |
r-patched-linux-x86_64 | 0.1.8 | 3.21 | 31.47 | 34.68 | OK | |
r-release-linux-x86_64 | 0.1.8 | 4.11 | 32.74 | 36.85 | OK | |
r-release-macos-arm64 | 0.1.8 | 22.00 | OK | |||
r-release-macos-x86_64 | 0.1.8 | 29.00 | OK | |||
r-release-windows-x86_64 | 0.1.8 | 23.00 | 77.00 | 100.00 | OK | |
r-oldrel-macos-arm64 | 0.1.8 | 24.00 | OK | |||
r-oldrel-macos-x86_64 | 0.1.8 | 30.00 | OK | |||
r-oldrel-windows-ix86+x86_64 | 0.1.8 | 12.00 | 77.00 | 89.00 | NOTE |
Version: 0.1.8
Check: R code for possible problems
Result: NOTE
Initiating curl with CURL_SSL_BACKEND: openssl
Flavor: r-oldrel-windows-ix86+x86_64