CRAN Package Check Results for Package aws.lambda

Last updated on 2023-03-27 00:50:18 CEST.

Flavor Version Tinstall Tcheck Ttotal Status Flags
r-devel-linux-x86_64-debian-clang 0.2.0 2.43 26.69 29.12 NOTE
r-devel-linux-x86_64-debian-gcc 0.2.0 1.97 21.03 23.00 NOTE
r-devel-linux-x86_64-fedora-gcc 0.2.0 35.53 NOTE
r-devel-windows-x86_64 0.2.0 51.00 80.00 131.00 NOTE
r-patched-linux-x86_64 0.2.0 2.77 25.89 28.66 NOTE
r-release-linux-x86_64 0.2.0 2.47 26.82 29.29 NOTE
r-release-macos-arm64 0.2.0 22.00 NOTE
r-release-macos-x86_64 0.2.0 26.00 NOTE
r-release-windows-x86_64 0.2.0 16.00 72.00 88.00 NOTE
r-oldrel-macos-arm64 0.2.0 22.00 NOTE
r-oldrel-macos-x86_64 0.2.0 28.00 NOTE
r-oldrel-windows-ix86+x86_64 0.2.0 11.00 146.00 157.00 NOTE

Check Details

Version: 0.2.0
Check: LazyData
Result: NOTE
     'LazyData' is specified without a 'data' directory
Flavors: r-devel-linux-x86_64-debian-clang, r-devel-linux-x86_64-debian-gcc, r-devel-linux-x86_64-fedora-gcc, r-devel-windows-x86_64, r-patched-linux-x86_64, r-release-linux-x86_64, r-release-macos-arm64, r-release-macos-x86_64, r-release-windows-x86_64, r-oldrel-macos-arm64, r-oldrel-macos-x86_64, r-oldrel-windows-ix86+x86_64

Version: 0.2.0
Check: R code for possible problems
Result: NOTE
    Initiating curl with CURL_SSL_BACKEND: openssl
Flavor: r-oldrel-windows-ix86+x86_64