CRAN Package Check Results for Package aws.lambda

Last updated on 2024-02-24 00:51:05 CET.

Flavor Version Tinstall Tcheck Ttotal Status Flags
r-devel-linux-x86_64-debian-clang 0.2.0 2.73 26.67 29.40 NOTE
r-devel-linux-x86_64-debian-gcc 0.2.0 1.96 21.41 23.37 NOTE
r-devel-linux-x86_64-fedora-clang 0.2.0 37.11 NOTE
r-devel-linux-x86_64-fedora-gcc 0.2.0 35.90 NOTE
r-devel-windows-x86_64 0.2.0 6.00 59.00 65.00 NOTE
r-patched-linux-x86_64 0.2.0 3.16 26.99 30.15 NOTE
r-release-linux-x86_64 0.2.0 2.40 27.11 29.51 NOTE
r-release-macos-arm64 0.2.0 22.00 NOTE
r-release-macos-x86_64 0.2.0 24.00 NOTE
r-release-windows-x86_64 0.2.0 6.00 69.00 75.00 NOTE
r-oldrel-macos-arm64 0.2.0 22.00 NOTE
r-oldrel-windows-x86_64 0.2.0 6.00 72.00 78.00 NOTE

Check Details

Version: 0.2.0
Check: LazyData
Result: NOTE 'LazyData' is specified without a 'data' directory Flavors: r-devel-linux-x86_64-debian-clang, r-devel-linux-x86_64-debian-gcc, r-devel-linux-x86_64-fedora-clang, r-devel-linux-x86_64-fedora-gcc, r-devel-windows-x86_64, r-patched-linux-x86_64, r-release-linux-x86_64, r-release-macos-arm64, r-release-macos-x86_64, r-release-windows-x86_64, r-oldrel-macos-arm64, r-oldrel-windows-x86_64