Last updated on 2023-03-22 00:52:15 CET.
Flavor | Version | Tinstall | Tcheck | Ttotal | Status | Flags |
---|---|---|---|---|---|---|
r-devel-linux-x86_64-debian-clang | 0.1.5 | 4.08 | 37.44 | 41.52 | OK | |
r-devel-linux-x86_64-debian-gcc | 0.1.5 | 2.98 | 28.92 | 31.90 | OK | |
r-devel-linux-x86_64-fedora-clang | 0.1.5 | 53.91 | OK | |||
r-devel-linux-x86_64-fedora-gcc | 0.1.5 | 48.65 | OK | |||
r-devel-windows-x86_64 | 0.1.5 | 8.00 | 92.00 | 100.00 | OK | |
r-patched-linux-x86_64 | 0.1.5 | 3.84 | 36.81 | 40.65 | OK | |
r-release-linux-x86_64 | 0.1.5 | 2.87 | 36.64 | 39.51 | OK | |
r-release-macos-arm64 | 0.1.5 | 19.00 | OK | |||
r-release-macos-x86_64 | 0.1.5 | 30.00 | OK | |||
r-release-windows-x86_64 | 0.1.5 | 18.00 | 84.00 | 102.00 | OK | |
r-oldrel-macos-arm64 | 0.1.5 | 24.00 | OK | |||
r-oldrel-macos-x86_64 | 0.1.5 | 32.00 | OK | |||
r-oldrel-windows-ix86+x86_64 | 0.1.5 | 13.00 | 83.00 | 96.00 | NOTE |
Version: 0.1.5
Check: R code for possible problems
Result: NOTE
Initiating curl with CURL_SSL_BACKEND: openssl
Flavor: r-oldrel-windows-ix86+x86_64