Last updated on 2023-04-01 00:52:53 CEST.
Flavor | Version | Tinstall | Tcheck | Ttotal | Status | Flags |
---|---|---|---|---|---|---|
r-devel-linux-x86_64-debian-clang | 0.3.21 | 4.47 | 41.61 | 46.08 | OK | |
r-devel-linux-x86_64-debian-gcc | 0.3.21 | 3.05 | 32.46 | 35.51 | OK | |
r-devel-linux-x86_64-fedora-clang | 0.3.21 | 57.68 | OK | |||
r-devel-linux-x86_64-fedora-gcc | 0.3.21 | 55.33 | OK | |||
r-devel-windows-x86_64 | 0.3.21 | 39.00 | 0.00 | 39.00 | OK | |
r-patched-linux-x86_64 | 0.3.21 | 4.40 | 40.95 | 45.35 | OK | |
r-release-linux-x86_64 | 0.3.21 | 4.52 | 41.06 | 45.58 | OK | |
r-release-macos-arm64 | 0.3.21 | 29.00 | OK | |||
r-release-macos-x86_64 | 0.3.21 | 42.00 | OK | |||
r-release-windows-x86_64 | 0.3.21 | 14.00 | 97.00 | 111.00 | OK | |
r-oldrel-macos-arm64 | 0.3.21 | 36.00 | OK | |||
r-oldrel-macos-x86_64 | 0.3.21 | 43.00 | OK | |||
r-oldrel-windows-ix86+x86_64 | 0.3.21 | 13.00 | 86.00 | 99.00 | NOTE |
Version: 0.3.21
Check: R code for possible problems
Result: NOTE
Initiating curl with CURL_SSL_BACKEND: openssl
Flavor: r-oldrel-windows-ix86+x86_64