Last updated on 2023-03-22 00:52:15 CET.
Flavor | Version | Tinstall | Tcheck | Ttotal | Status | Flags |
---|---|---|---|---|---|---|
r-devel-linux-x86_64-debian-clang | 0.1.3 | 1.95 | 25.84 | 27.79 | OK | |
r-devel-linux-x86_64-debian-gcc | 0.1.3 | 1.89 | 20.70 | 22.59 | OK | |
r-devel-linux-x86_64-fedora-clang | 0.1.3 | 37.56 | OK | |||
r-devel-linux-x86_64-fedora-gcc | 0.1.3 | 34.18 | OK | |||
r-devel-windows-x86_64 | 0.1.3 | 7.00 | 83.00 | 90.00 | OK | |
r-patched-linux-x86_64 | 0.1.3 | 2.49 | 26.94 | 29.43 | OK | |
r-release-linux-x86_64 | 0.1.3 | 2.35 | 27.34 | 29.69 | OK | |
r-release-macos-arm64 | 0.1.3 | 15.00 | OK | |||
r-release-macos-x86_64 | 0.1.3 | 26.00 | OK | |||
r-release-windows-x86_64 | 0.1.3 | 19.00 | 78.00 | 97.00 | OK | |
r-oldrel-macos-arm64 | 0.1.3 | 21.00 | OK | |||
r-oldrel-macos-x86_64 | 0.1.3 | 27.00 | OK | |||
r-oldrel-windows-ix86+x86_64 | 0.1.3 | 10.00 | 69.00 | 79.00 | NOTE |
Version: 0.1.3
Check: R code for possible problems
Result: NOTE
Initiating curl with CURL_SSL_BACKEND: openssl
Flavor: r-oldrel-windows-ix86+x86_64