Last updated on 2023-03-22 00:52:15 CET.
Flavor | Version | Tinstall | Tcheck | Ttotal | Status | Flags |
---|---|---|---|---|---|---|
r-devel-linux-x86_64-debian-clang | 0.1.4 | 2.08 | 23.93 | 26.01 | OK | |
r-devel-linux-x86_64-debian-gcc | 0.1.4 | 1.67 | 19.18 | 20.85 | OK | |
r-devel-linux-x86_64-fedora-clang | 0.1.4 | 34.41 | OK | |||
r-devel-linux-x86_64-fedora-gcc | 0.1.4 | 31.71 | OK | |||
r-devel-windows-x86_64 | 0.1.4 | 6.00 | 80.00 | 86.00 | OK | |
r-patched-linux-x86_64 | 0.1.4 | 2.15 | 24.75 | 26.90 | OK | |
r-release-linux-x86_64 | 0.1.4 | 2.25 | 24.42 | 26.67 | OK | |
r-release-macos-arm64 | 0.1.4 | 20.00 | OK | |||
r-release-macos-x86_64 | 0.1.4 | 23.00 | OK | |||
r-release-windows-x86_64 | 0.1.4 | 11.00 | 73.00 | 84.00 | OK | |
r-oldrel-macos-arm64 | 0.1.4 | 19.00 | OK | |||
r-oldrel-macos-x86_64 | 0.1.4 | 30.00 | OK | |||
r-oldrel-windows-ix86+x86_64 | 0.1.4 | 11.00 | 65.00 | 76.00 | NOTE |
Version: 0.1.4
Check: R code for possible problems
Result: NOTE
Initiating curl with CURL_SSL_BACKEND: openssl
Flavor: r-oldrel-windows-ix86+x86_64