CRAN Package Check Results for Package babelmixr2

Last updated on 2023-05-29 00:59:28 CEST.

Flavor Version Tinstall Tcheck Ttotal Status Flags
r-devel-linux-x86_64-debian-clang 0.1.0 51.43 277.68 329.11 NOTE
r-devel-linux-x86_64-debian-gcc 0.1.0 41.71 211.40 253.11 NOTE
r-devel-linux-x86_64-fedora-clang 0.1.0 452.40 NOTE
r-devel-linux-x86_64-fedora-gcc 0.1.1 473.28 NOTE
r-devel-windows-x86_64 0.1.0 56.00 255.00 311.00 NOTE
r-patched-linux-x86_64 0.1.0 46.01 270.38 316.39 NOTE
r-release-linux-x86_64 0.1.0 44.21 264.14 308.35 NOTE
r-release-macos-arm64 0.1.1 148.00 NOTE
r-release-macos-x86_64 0.1.0 229.00 NOTE
r-release-windows-x86_64 0.1.1 47.00 243.00 290.00 NOTE
r-oldrel-macos-arm64 0.1.1 101.00 NOTE
r-oldrel-macos-x86_64 0.1.0 152.00 NOTE
r-oldrel-windows-x86_64 0.1.0 55.00 311.00 366.00 NOTE

Check Details

Version: 0.1.0
Check: package dependencies
Result: NOTE
    Package suggested but not available for checking: ‘lixoftConnectors’
Flavors: r-devel-linux-x86_64-debian-clang, r-devel-linux-x86_64-debian-gcc, r-devel-linux-x86_64-fedora-clang, r-devel-windows-x86_64, r-patched-linux-x86_64, r-release-linux-x86_64, r-release-macos-x86_64, r-oldrel-macos-x86_64, r-oldrel-windows-x86_64

Version: 0.1.0
Check: C++ specification
Result: NOTE
     Specified C++14: please drop specification unless essential
Flavors: r-devel-linux-x86_64-debian-clang, r-devel-linux-x86_64-debian-gcc, r-devel-linux-x86_64-fedora-clang, r-devel-windows-x86_64, r-patched-linux-x86_64, r-release-linux-x86_64, r-release-macos-x86_64

Version: 0.1.1
Check: package dependencies
Result: NOTE
    Package suggested but not available for checking: ‘lixoftConnectors’
Flavors: r-devel-linux-x86_64-fedora-gcc, r-release-macos-arm64, r-release-windows-x86_64, r-oldrel-macos-arm64