Last updated on 2023-10-04 00:58:16 CEST.
Flavor | Version | Tinstall | Tcheck | Ttotal | Status | Flags |
---|---|---|---|---|---|---|
r-devel-linux-x86_64-debian-clang | 1.0.0 | 41.17 | 349.72 | 390.89 | OK | |
r-devel-linux-x86_64-debian-gcc | 1.0.0 | 27.12 | 256.47 | 283.59 | OK | |
r-devel-linux-x86_64-fedora-clang | 1.0.0 | 467.79 | NOTE | |||
r-devel-linux-x86_64-fedora-gcc | 1.0.0 | 492.01 | OK | |||
r-devel-windows-x86_64 | 1.0.0 | 30.00 | 219.00 | 249.00 | NOTE | |
r-patched-linux-x86_64 | 1.0.0 | 23.98 | 336.70 | 360.68 | OK | |
r-release-linux-x86_64 | 1.0.0 | 27.76 | 336.64 | 364.40 | OK | |
r-release-macos-arm64 | 1.0.0 | 150.00 | NOTE | |||
r-release-macos-x86_64 | 1.0.0 | 235.00 | NOTE | |||
r-release-windows-x86_64 | 1.0.0 | 42.00 | 296.00 | 338.00 | NOTE | |
r-oldrel-macos-arm64 | 1.0.0 | 124.00 | NOTE | |||
r-oldrel-macos-x86_64 | 1.0.0 | 168.00 | NOTE | |||
r-oldrel-windows-x86_64 | 1.0.0 | 42.00 | 294.00 | 336.00 | NOTE |
Version: 1.0.0
Check: installed package size
Result: NOTE
installed size is 5.6Mb
sub-directories of 1Mb or more:
data 4.7Mb
Flavors: r-devel-linux-x86_64-fedora-clang, r-devel-windows-x86_64, r-release-macos-arm64, r-release-macos-x86_64, r-release-windows-x86_64, r-oldrel-macos-arm64, r-oldrel-macos-x86_64, r-oldrel-windows-x86_64