CRAN Package Check Results for Package banxicoR

Last updated on 2021-10-28 00:48:38 CEST.

Flavor Version Tinstall Tcheck Ttotal Status Flags
r-devel-linux-x86_64-debian-clang 0.9.0 2.46 25.05 27.51 OK
r-devel-linux-x86_64-debian-gcc 0.9.0 2.01 20.37 22.38 OK
r-devel-linux-x86_64-fedora-clang 0.9.0 44.71 NOTE
r-devel-linux-x86_64-fedora-gcc 0.9.0 33.51 NOTE
r-devel-windows-x86_64 0.9.0 4.00 43.00 47.00 OK
r-devel-windows-x86_64-gcc10-UCRT 0.9.0 NOTE
r-patched-linux-x86_64 0.9.0 2.49 24.68 27.17 OK
r-patched-solaris-x86 0.9.0 55.90 NOTE
r-release-linux-x86_64 0.9.0 2.45 24.44 26.89 OK
r-release-macos-arm64 0.9.0 NOTE
r-release-macos-x86_64 0.9.0 NOTE
r-release-windows-ix86+x86_64 0.9.0 5.00 40.00 45.00 OK
r-oldrel-macos-x86_64 0.9.0 NOTE
r-oldrel-windows-ix86+x86_64 0.9.0 5.00 45.00 50.00 OK

Check Details

Version: 0.9.0
Check: data for non-ASCII characters
Result: NOTE
     Note: found 148 marked UTF-8 strings
Flavors: r-devel-linux-x86_64-fedora-clang, r-devel-linux-x86_64-fedora-gcc, r-devel-windows-x86_64-gcc10-UCRT, r-patched-solaris-x86, r-release-macos-arm64, r-release-macos-x86_64, r-oldrel-macos-x86_64