Last updated on 2023-12-04 00:52:34 CET.
Flavor | Version | Tinstall | Tcheck | Ttotal | Status | Flags |
---|---|---|---|---|---|---|
r-devel-linux-x86_64-debian-clang | 0.1.0 | 7.44 | 150.03 | 157.47 | OK | |
r-devel-linux-x86_64-debian-gcc | 0.1.0 | 6.16 | 110.20 | 116.36 | OK | |
r-devel-linux-x86_64-fedora-clang | 0.1.0 | 192.50 | NOTE | |||
r-devel-linux-x86_64-fedora-gcc | 0.1.0 | 215.00 | NOTE | |||
r-devel-windows-x86_64 | 0.1.0 | 8.00 | 112.00 | 120.00 | OK | |
r-patched-linux-x86_64 | 0.1.0 | 6.80 | 142.25 | 149.05 | OK | |
r-release-linux-x86_64 | 0.1.0 | 6.73 | 139.61 | 146.34 | OK | |
r-release-macos-arm64 | 0.1.0 | 61.00 | OK | |||
r-release-macos-x86_64 | 0.1.0 | 105.00 | OK | |||
r-release-windows-x86_64 | 0.1.0 | 9.00 | 143.00 | 152.00 | OK | |
r-oldrel-macos-arm64 | 0.1.0 | 97.00 | NOTE | |||
r-oldrel-macos-x86_64 | 0.1.0 | 151.00 | NOTE | |||
r-oldrel-windows-x86_64 | 0.1.0 | 11.00 | 149.00 | 160.00 | OK |
Version: 0.1.0
Check: dependencies in R code
Result: NOTE
Namespace in Imports field not imported from: ‘vtable’
All declared Imports should be used.
Flavors: r-devel-linux-x86_64-fedora-clang, r-devel-linux-x86_64-fedora-gcc, r-oldrel-macos-arm64, r-oldrel-macos-x86_64