CRAN Package Check Results for Package bayMDS

Last updated on 2024-04-17 00:54:14 CEST.

Flavor Version Tinstall Tcheck Ttotal Status Flags
r-devel-linux-x86_64-debian-clang 2.0 32.41 47.88 80.29 NOTE
r-devel-linux-x86_64-debian-gcc 2.0 29.64 36.21 65.85 NOTE
r-devel-linux-x86_64-fedora-clang 2.0 119.61 NOTE
r-devel-linux-x86_64-fedora-gcc 2.0 116.67 NOTE
r-prerel-macos-arm64 2.0 30.00 NOTE
r-prerel-windows-x86_64 2.0 30.00 80.00 110.00 NOTE
r-patched-linux-x86_64 2.0 39.32 46.97 86.29 NOTE
r-release-linux-x86_64 2.0 27.85 46.31 74.16 NOTE
r-release-macos-arm64 2.0 39.00 NOTE
r-release-macos-x86_64 2.0 54.00 NOTE
r-release-windows-x86_64 2.0 39.00 92.00 131.00 NOTE
r-oldrel-macos-arm64 2.0 42.00 OK
r-oldrel-windows-x86_64 2.0 37.00 88.00 125.00 OK

Check Details

Version: 2.0
Check: C++ specification
Result: NOTE Specified C++11: please drop specification unless essential Flavors: r-devel-linux-x86_64-debian-clang, r-devel-linux-x86_64-debian-gcc, r-devel-linux-x86_64-fedora-clang, r-devel-linux-x86_64-fedora-gcc, r-prerel-macos-arm64, r-prerel-windows-x86_64, r-patched-linux-x86_64, r-release-linux-x86_64, r-release-macos-arm64, r-release-macos-x86_64, r-release-windows-x86_64