Last updated on 2023-03-26 00:51:38 CET.
Flavor | Version | Tinstall | Tcheck | Ttotal | Status | Flags |
---|---|---|---|---|---|---|
r-devel-linux-x86_64-debian-clang | 2.0 | 34.75 | 47.11 | 81.86 | NOTE | |
r-devel-linux-x86_64-debian-gcc | 2.0 | 29.03 | 36.22 | 65.25 | NOTE | |
r-devel-linux-x86_64-fedora-gcc | 2.0 | 107.36 | NOTE | |||
r-devel-windows-x86_64 | 2.0 | 38.00 | 98.00 | 136.00 | NOTE | |
r-patched-linux-x86_64 | 2.0 | 32.07 | 46.79 | 78.86 | OK | |
r-release-linux-x86_64 | 2.0 | 29.55 | 45.96 | 75.51 | OK | |
r-release-macos-arm64 | 2.0 | 42.00 | OK | |||
r-release-macos-x86_64 | 2.0 | 43.00 | OK | |||
r-release-windows-x86_64 | 2.0 | 37.00 | 112.00 | 149.00 | OK | |
r-oldrel-macos-arm64 | 2.0 | 42.00 | OK | |||
r-oldrel-macos-x86_64 | 2.0 | 48.00 | OK | |||
r-oldrel-windows-ix86+x86_64 | 2.0 | 87.00 | 124.00 | 211.00 | OK |
Version: 2.0
Check: C++ specification
Result: NOTE
Specified C++11: please drop specification unless essential
Flavors: r-devel-linux-x86_64-debian-clang, r-devel-linux-x86_64-debian-gcc, r-devel-linux-x86_64-fedora-gcc, r-devel-windows-x86_64