CRAN Package Check Results for Package bayesLife

Last updated on 2021-11-27 00:51:24 CET.

Flavor Version Tinstall Tcheck Ttotal Status Flags
r-devel-linux-x86_64-debian-clang 5.0-3 11.51 83.34 94.85 OK
r-devel-linux-x86_64-debian-gcc 5.0-3 9.48 62.02 71.50 OK
r-devel-linux-x86_64-fedora-clang 5.0-3 125.70 NOTE
r-devel-linux-x86_64-fedora-gcc 5.0-3 109.79 OK
r-devel-windows-x86_64-new-UL 5.0-3 51.00 148.00 199.00 OK
r-devel-windows-x86_64-new-TK 5.0-3 OK
r-devel-windows-x86_64-old 5.0-3 17.00 109.00 126.00 OK
r-patched-linux-x86_64 5.0-3 12.48 78.66 91.14 OK
r-patched-solaris-x86 5.0-3 148.70 OK
r-release-linux-x86_64 5.0-3 OK
r-release-macos-arm64 5.0-3 OK
r-release-macos-x86_64 5.0-3 OK
r-release-windows-ix86+x86_64 5.0-3 26.00 144.00 170.00 OK
r-oldrel-macos-x86_64 5.0-3 OK
r-oldrel-windows-ix86+x86_64 5.0-3 31.00 149.00 180.00 OK

Check Details

Version: 5.0-3
Check: Rd cross-references
Result: NOTE
    Undeclared packages ‘rworldmap’, ‘snowFT’ in Rd xrefs
Flavor: r-devel-linux-x86_64-fedora-clang