CRAN Package Check Results for Package bayesSurv

Last updated on 2021-10-16 00:49:08 CEST.

Flavor Version Tinstall Tcheck Ttotal Status Flags
r-devel-linux-x86_64-debian-clang 3.3 114.36 109.77 224.13 OK
r-devel-linux-x86_64-debian-gcc 3.3 88.13 83.94 172.07 OK
r-devel-linux-x86_64-fedora-clang 3.3 388.77 NOTE
r-devel-linux-x86_64-fedora-gcc 3.3 291.14 OK
r-devel-windows-x86_64 3.3 140.00 106.00 246.00 OK
r-devel-windows-x86_64-gcc10-UCRT 3.3 OK
r-patched-linux-x86_64 3.3 103.73 109.18 212.91 OK
r-patched-solaris-x86 3.3 296.50 OK
r-release-linux-x86_64 3.3 105.18 108.06 213.24 OK
r-release-macos-arm64 3.3 NOTE
r-release-macos-x86_64 3.3 NOTE
r-release-windows-ix86+x86_64 3.3 300.00 183.00 483.00 OK
r-oldrel-macos-x86_64 3.3 NOTE
r-oldrel-windows-ix86+x86_64 3.3 299.00 185.00 484.00 OK

Check Details

Version: 3.3
Check: installed package size
Result: NOTE
     installed size is 5.9Mb
     sub-directories of 1Mb or more:
     libs 4.7Mb
Flavors: r-devel-linux-x86_64-fedora-clang, r-release-macos-arm64, r-release-macos-x86_64, r-oldrel-macos-x86_64

Version: 3.3
Check: Rd cross-references
Result: NOTE
    Undeclared package ‘mvtnorm’ in Rd xrefs
Flavor: r-devel-linux-x86_64-fedora-clang