CRAN Package Check Results for Package bayesammi

Last updated on 2024-06-14 00:53:35 CEST.

Flavor Version Tinstall Tcheck Ttotal Status Flags
r-devel-linux-x86_64-debian-clang 0.1.0 9.97 120.02 129.99 OK
r-devel-linux-x86_64-debian-gcc 0.1.0 0.37 1.55 1.92 ERROR
r-devel-linux-x86_64-fedora-clang 0.1.0 172.79 OK
r-devel-linux-x86_64-fedora-gcc 0.1.0 159.34 OK
r-devel-windows-x86_64 0.1.0 12.00 93.00 105.00 OK
r-patched-linux-x86_64 0.1.0 11.22 112.54 123.76 OK
r-release-linux-x86_64 0.1.0 8.73 112.52 121.25 OK
r-release-macos-arm64 0.1.0 47.00 OK
r-release-macos-x86_64 0.1.0 66.00 OK
r-release-windows-x86_64 0.1.0 12.00 96.00 108.00 OK
r-oldrel-macos-arm64 0.1.0 52.00 OK
r-oldrel-macos-x86_64 0.1.0 81.00 OK
r-oldrel-windows-x86_64 0.1.0 16.00 122.00 138.00 OK

Check Details

Version: 0.1.0
Check: package dependencies
Result: ERROR Packages required but not available: 'dplyr', 'ggplot2', 'lme4', 'tibble', 'tidyr' See section ‘The DESCRIPTION file’ in the ‘Writing R Extensions’ manual. Flavor: r-devel-linux-x86_64-debian-gcc