CRAN Package Check Results for Package bayesmeta

Last updated on 2024-07-23 00:54:23 CEST.

Flavor Version Tinstall Tcheck Ttotal Status Flags
r-devel-linux-x86_64-debian-clang 3.4 21.48 172.67 194.15 OK
r-devel-linux-x86_64-debian-gcc 3.4 13.87 125.96 139.83 NOTE
r-devel-linux-x86_64-fedora-clang 3.4 243.84 OK
r-devel-linux-x86_64-fedora-gcc 3.4 242.62 OK
r-devel-windows-x86_64 3.4 16.00 143.00 159.00 NOTE
r-patched-linux-x86_64 3.4 22.13 162.22 184.35 OK
r-release-linux-x86_64 3.4 18.97 162.80 181.77 OK
r-release-macos-arm64 3.4 65.00 OK
r-release-macos-x86_64 3.4 105.00 OK
r-release-windows-x86_64 3.4 17.00 143.00 160.00 OK
r-oldrel-macos-arm64 3.4 75.00 OK
r-oldrel-macos-x86_64 3.4 155.00 OK
r-oldrel-windows-x86_64 3.4 21.00 180.00 201.00 OK

Check Details

Version: 3.4
Check: Rd cross-references
Result: NOTE Found the following Rd file(s) with Rd \link{} targets missing package anchors: convolve.Rd: funnel Please provide package anchors for all Rd \link{} targets not in the package itself and the base packages. Flavors: r-devel-linux-x86_64-debian-gcc, r-devel-windows-x86_64