CRAN Package Check Results for Package bayesrules

Last updated on 2023-09-27 23:37:28 CEST.

Flavor Version Tinstall Tcheck Ttotal Status Flags
r-devel-linux-x86_64-debian-clang 0.0.2 29.87 404.65 434.52 NOTE
r-devel-linux-x86_64-debian-gcc 0.0.2 21.56 292.52 314.08 NOTE
r-devel-linux-x86_64-fedora-clang 0.0.2 532.99 NOTE
r-devel-linux-x86_64-fedora-gcc 0.0.2 542.14 NOTE
r-devel-windows-x86_64 0.0.2 37.00 284.00 321.00 NOTE
r-patched-linux-x86_64 0.0.2 27.81 384.79 412.60 NOTE
r-release-linux-x86_64 0.0.2 0.52 2.01 2.53 ERROR
r-release-macos-arm64 0.0.2 110.00 NOTE
r-release-macos-x86_64 0.0.2 183.00 NOTE
r-release-windows-x86_64 0.0.2 37.00 369.00 406.00 NOTE
r-oldrel-macos-arm64 0.0.2 91.00 NOTE
r-oldrel-macos-x86_64 0.0.2 158.00 NOTE
r-oldrel-windows-x86_64 0.0.2 37.00 355.00 392.00 OK

Check Details

Version: 0.0.2
Check: package subdirectories
Result: NOTE
    Problems with news in ‘NEWS.md’:
    No news entries found.
Flavors: r-devel-linux-x86_64-debian-clang, r-devel-linux-x86_64-debian-gcc, r-devel-linux-x86_64-fedora-clang, r-devel-linux-x86_64-fedora-gcc, r-devel-windows-x86_64, r-patched-linux-x86_64, r-release-macos-arm64, r-release-macos-x86_64, r-release-windows-x86_64

Version: 0.0.2
Check: Rd files
Result: NOTE
    checkRd: (-1) pulse_of_the_nation.Rd:10: Escaped LaTeX specials: \$
Flavors: r-devel-linux-x86_64-debian-clang, r-devel-linux-x86_64-debian-gcc, r-devel-linux-x86_64-fedora-clang, r-devel-linux-x86_64-fedora-gcc, r-devel-windows-x86_64, r-patched-linux-x86_64, r-release-macos-arm64, r-release-macos-x86_64, r-release-windows-x86_64

Version: 0.0.2
Check: data for non-ASCII characters
Result: NOTE
     Note: found 1924 marked UTF-8 strings
Flavors: r-devel-linux-x86_64-fedora-clang, r-devel-linux-x86_64-fedora-gcc, r-oldrel-macos-arm64, r-oldrel-macos-x86_64

Version: 0.0.2
Check: package dependencies
Result: ERROR
    Package required but not available: ‘rstanarm’
    
    See section ‘The DESCRIPTION file’ in the ‘Writing R Extensions’
    manual.
Flavor: r-release-linux-x86_64