CRAN Package Check Results for Package baystability

Last updated on 2021-10-26 00:59:45 CEST.

Flavor Version Tinstall Tcheck Ttotal Status Flags
r-devel-linux-x86_64-debian-clang 0.1.0 14.43 124.42 138.85 OK
r-devel-linux-x86_64-debian-gcc 0.1.0 12.06 93.58 105.64 OK
r-devel-linux-x86_64-fedora-clang 0.1.0 178.48 NOTE
r-devel-linux-x86_64-fedora-gcc 0.1.0 164.48 NOTE
r-devel-windows-x86_64 0.1.0 26.00 153.00 179.00 OK
r-devel-windows-x86_64-gcc10-UCRT 0.1.0 NOTE
r-patched-linux-x86_64 0.1.0 15.31 119.39 134.70 OK
r-patched-solaris-x86 0.1.0 252.00 NOTE
r-release-linux-x86_64 0.1.0 14.32 118.44 132.76 OK
r-release-macos-arm64 0.1.0 NOTE
r-release-macos-x86_64 0.1.0 NOTE
r-release-windows-ix86+x86_64 0.1.0 26.00 148.00 174.00 OK
r-oldrel-macos-x86_64 0.1.0 NOTE
r-oldrel-windows-ix86+x86_64 0.1.0 35.00 147.00 182.00 OK

Check Details

Version: 0.1.0
Check: dependencies in R code
Result: NOTE
    Namespaces in Imports field not imported from:
     ‘ggfortify’ ‘ggplot2’ ‘matrixStats’ ‘reshape2’ ‘scales’
     All declared Imports should be used.
Flavors: r-devel-linux-x86_64-fedora-clang, r-devel-linux-x86_64-fedora-gcc, r-devel-windows-x86_64-gcc10-UCRT, r-patched-solaris-x86, r-release-macos-arm64, r-release-macos-x86_64, r-oldrel-macos-x86_64

Version: 0.1.0
Check: foreign function calls
Result: NOTE
    <1b>[0;1;31mFailed to query server: Connection timed out<1b>[0m
    See chapter ‘System and foreign language interfaces’ in the ‘Writing R
    Extensions’ manual.
Flavor: r-devel-linux-x86_64-fedora-clang

Version: 0.1.0
Check: R code for possible problems
Result: NOTE
    <1b>[0;1;31mFailed to query server: Connection timed out<1b>[0m
Flavor: r-devel-linux-x86_64-fedora-clang