Last updated on 2025-01-20 00:48:16 CET.
Flavor | Version | Tinstall | Tcheck | Ttotal | Status | Flags |
---|---|---|---|---|---|---|
r-devel-linux-x86_64-debian-clang | 1.0.0 | 131.71 | 114.05 | 245.76 | OK | |
r-devel-linux-x86_64-debian-gcc | 1.0.0 | 124.06 | 91.62 | 215.68 | OK | |
r-devel-linux-x86_64-fedora-clang | 1.0.0 | 388.92 | OK | |||
r-devel-linux-x86_64-fedora-gcc | 1.0.0 | 488.69 | OK | |||
r-devel-windows-x86_64 | 1.0.0 | 131.00 | 140.00 | 271.00 | OK | |
r-patched-linux-x86_64 | 1.0.0 | 116.28 | 120.16 | 236.44 | NOTE | |
r-release-linux-x86_64 | 1.0.0 | 152.53 | 120.44 | 272.97 | NOTE | |
r-release-macos-arm64 | 1.0.0 | 97.00 | NOTE | |||
r-release-macos-x86_64 | 1.0.0 | 154.00 | NOTE | |||
r-release-windows-x86_64 | 1.0.0 | 121.00 | 136.00 | 257.00 | NOTE | |
r-oldrel-macos-arm64 | 1.0.0 | 81.00 | NOTE | |||
r-oldrel-macos-x86_64 | 1.0.0 | 213.00 | NOTE | |||
r-oldrel-windows-x86_64 | 1.0.0 | 169.00 | 166.00 | 335.00 | NOTE |
Version: 1.0.0
Check: for GNU extensions in Makefiles
Result: NOTE
GNU make is a SystemRequirements.
Flavors: r-patched-linux-x86_64, r-release-linux-x86_64, r-release-macos-arm64, r-release-macos-x86_64, r-release-windows-x86_64, r-oldrel-macos-arm64, r-oldrel-macos-x86_64, r-oldrel-windows-x86_64
Version: 1.0.0
Check: installed package size
Result: NOTE
installed size is 43.7Mb
sub-directories of 1Mb or more:
libs 43.1Mb
Flavors: r-release-macos-arm64, r-release-macos-x86_64, r-oldrel-macos-arm64, r-oldrel-macos-x86_64