CRAN Package Check Results for Package bdchecks

Last updated on 2021-10-23 00:48:47 CEST.

Flavor Version Tinstall Tcheck Ttotal Status Flags
r-devel-linux-x86_64-debian-clang 0.1.7 12.23 97.66 109.89 OK
r-devel-linux-x86_64-debian-gcc 0.1.7 9.60 74.29 83.89 OK
r-devel-linux-x86_64-fedora-clang 0.1.7 143.04 NOTE
r-devel-linux-x86_64-fedora-gcc 0.1.7 126.20 NOTE
r-devel-windows-x86_64 0.1.7 23.00 133.00 156.00 OK
r-devel-windows-x86_64-gcc10-UCRT 0.1.7 NOTE
r-patched-linux-x86_64 0.1.7 12.25 92.46 104.71 OK
r-patched-solaris-x86 0.1.7 194.90 NOTE
r-release-linux-x86_64 0.1.7 10.87 92.13 103.00 OK
r-release-macos-arm64 0.1.7 NOTE
r-release-macos-x86_64 0.1.7 NOTE
r-release-windows-ix86+x86_64 0.1.7 23.00 137.00 160.00 OK
r-oldrel-macos-x86_64 0.1.7 NOTE
r-oldrel-windows-ix86+x86_64 0.1.7 38.00 136.00 174.00 OK

Check Details

Version: 0.1.7
Check: data for non-ASCII characters
Result: NOTE
     Note: found 72 marked UTF-8 strings
Flavors: r-devel-linux-x86_64-fedora-clang, r-devel-linux-x86_64-fedora-gcc, r-devel-windows-x86_64-gcc10-UCRT, r-patched-solaris-x86, r-release-macos-arm64, r-release-macos-x86_64, r-oldrel-macos-x86_64