Last updated on 2023-06-09 00:54:16 CEST.
Flavor | Version | Tinstall | Tcheck | Ttotal | Status | Flags |
---|---|---|---|---|---|---|
r-devel-linux-x86_64-debian-clang | 0.1.15 | 12.19 | 93.32 | 105.51 | NOTE | |
r-devel-linux-x86_64-debian-gcc | 0.1.15 | 8.05 | 69.79 | 77.84 | NOTE | |
r-devel-linux-x86_64-fedora-clang | 0.1.15 | 128.23 | NOTE | |||
r-devel-linux-x86_64-fedora-gcc | 0.1.15 | 120.32 | NOTE | |||
r-devel-windows-x86_64 | 0.1.15 | 12.00 | 79.00 | 91.00 | NOTE | |
r-patched-linux-x86_64 | 0.1.15 | 11.83 | 85.49 | 97.32 | NOTE | |
r-release-linux-x86_64 | 0.1.15 | 8.39 | 87.20 | 95.59 | NOTE | |
r-release-macos-arm64 | 0.1.15 | 41.00 | NOTE | |||
r-release-macos-x86_64 | 0.1.15 | 61.00 | NOTE | |||
r-release-windows-x86_64 | 0.1.15 | 15.00 | 98.00 | 113.00 | NOTE | |
r-oldrel-macos-arm64 | 0.1.15 | 41.00 | NOTE | |||
r-oldrel-macos-x86_64 | 0.1.15 | 68.00 | NOTE | |||
r-oldrel-windows-x86_64 | 0.1.15 | 17.00 | 105.00 | 122.00 | NOTE |
Version: 0.1.15
Check: LazyData
Result: NOTE
'LazyData' is specified without a 'data' directory
Flavors: r-devel-linux-x86_64-debian-clang, r-devel-linux-x86_64-debian-gcc, r-devel-linux-x86_64-fedora-clang, r-devel-linux-x86_64-fedora-gcc, r-devel-windows-x86_64, r-patched-linux-x86_64, r-release-linux-x86_64, r-release-macos-arm64, r-release-macos-x86_64, r-release-windows-x86_64, r-oldrel-macos-arm64, r-oldrel-macos-x86_64, r-oldrel-windows-x86_64
Version: 0.1.15
Check: dependencies in R code
Result: NOTE
Namespace in Imports field not imported from: ‘DT’
All declared Imports should be used.
Flavors: r-devel-linux-x86_64-fedora-clang, r-devel-linux-x86_64-fedora-gcc, r-oldrel-macos-arm64, r-oldrel-macos-x86_64