Last updated on 2023-03-28 00:51:43 CEST.
Flavor | Version | Tinstall | Tcheck | Ttotal | Status | Flags |
---|---|---|---|---|---|---|
r-devel-linux-x86_64-debian-clang | 1.0.5 | 39.20 | 395.53 | 434.73 | OK | |
r-devel-linux-x86_64-debian-gcc | 1.0.5 | 34.15 | 287.54 | 321.69 | OK | |
r-devel-linux-x86_64-fedora-clang | 1.0.5 | 520.21 | OK | |||
r-devel-linux-x86_64-fedora-gcc | 1.0.5 | 515.77 | OK | |||
r-devel-windows-x86_64 | 1.0.5 | 48.00 | 392.00 | 440.00 | OK | |
r-patched-linux-x86_64 | 1.0.5 | 35.25 | 361.28 | 396.53 | OK | |
r-release-linux-x86_64 | 1.0.5 | 30.52 | 352.28 | 382.80 | OK | |
r-release-macos-arm64 | 1.0.5 | 94.00 | OK | |||
r-release-macos-x86_64 | 1.0.5 | 177.00 | OK | |||
r-release-windows-x86_64 | 1.0.5 | 52.00 | 375.00 | 427.00 | OK | |
r-oldrel-macos-arm64 | 1.0.5 | 116.00 | OK | |||
r-oldrel-macos-x86_64 | 1.0.5 | 178.00 | OK | |||
r-oldrel-windows-ix86+x86_64 | 1.0.5 | 88.00 | 345.00 | 433.00 | NOTE |
Version: 1.0.5
Check: R code for possible problems
Result: NOTE
Initiating curl with CURL_SSL_BACKEND: openssl
Flavor: r-oldrel-windows-ix86+x86_64