Last updated on 2023-11-29 00:50:11 CET.
Flavor | Version | Tinstall | Tcheck | Ttotal | Status | Flags |
---|---|---|---|---|---|---|
r-devel-linux-x86_64-debian-clang | 3.0.3 | 30.18 | 86.64 | 116.82 | NOTE | |
r-devel-linux-x86_64-debian-gcc | 3.0.3 | 24.71 | 66.03 | 90.74 | NOTE | |
r-devel-linux-x86_64-fedora-clang | 3.0.3 | 162.40 | NOTE | |||
r-devel-linux-x86_64-fedora-gcc | 3.0.3 | 155.70 | NOTE | |||
r-devel-windows-x86_64 | 3.0.3 | 19.00 | 98.00 | 117.00 | OK | |
r-patched-linux-x86_64 | 3.0.3 | 32.97 | 84.18 | 117.15 | OK | |
r-release-linux-x86_64 | 3.0.3 | 23.84 | 83.01 | 106.85 | OK | |
r-release-macos-arm64 | 3.0.3 | 50.00 | OK | |||
r-release-macos-x86_64 | 3.0.3 | 82.00 | OK | |||
r-release-windows-x86_64 | 3.0.3 | 22.00 | 110.00 | 132.00 | OK | |
r-oldrel-macos-arm64 | 3.0.3 | 43.00 | OK | |||
r-oldrel-macos-x86_64 | 3.0.3 | 55.00 | NOTE | |||
r-oldrel-windows-x86_64 | 3.0.3 | 33.00 | 100.00 | 133.00 | OK |
Version: 3.0.3
Check: Rd files
Result: NOTE
checkRd: (-1) Bdpar.Rd:24-27: Lost braces in \itemize; meant \describe ?
checkRd: (-1) Bdpar.Rd:28-30: Lost braces in \itemize; meant \describe ?
checkRd: (-1) bdpar.Options.Rd:117-134: Lost braces in \itemize; meant \describe ?
checkRd: (-1) bdpar.Options.Rd:120-122: Lost braces in \itemize; meant \describe ?
checkRd: (-1) bdpar.Options.Rd:123-125: Lost braces in \itemize; meant \describe ?
checkRd: (-1) bdpar.Options.Rd:126-132: Lost braces in \itemize; meant \describe ?
checkRd: (-1) bdpar.Options.Rd:128-130: Lost braces in \itemize; meant \describe ?
checkRd: (-1) bdpar.Options.Rd:136-153: Lost braces in \itemize; meant \describe ?
checkRd: (-1) bdpar.Options.Rd:139-141: Lost braces in \itemize; meant \describe ?
checkRd: (-1) bdpar.Options.Rd:142-151: Lost braces in \itemize; meant \describe ?
checkRd: (-1) bdpar.Options.Rd:144-146: Lost braces in \itemize; meant \describe ?
checkRd: (-1) bdpar.Options.Rd:147-149: Lost braces in \itemize; meant \describe ?
checkRd: (-1) bdpar.Options.Rd:155-172: Lost braces in \itemize; meant \describe ?
checkRd: (-1) bdpar.Options.Rd:158-160: Lost braces in \itemize; meant \describe ?
checkRd: (-1) bdpar.Options.Rd:161-170: Lost braces in \itemize; meant \describe ?
checkRd: (-1) bdpar.Options.Rd:163-165: Lost braces in \itemize; meant \describe ?
checkRd: (-1) bdpar.Options.Rd:166-168: Lost braces in \itemize; meant \describe ?
checkRd: (-1) bdpar.Options.Rd:174-188: Lost braces in \itemize; meant \describe ?
checkRd: (-1) bdpar.Options.Rd:177-179: Lost braces in \itemize; meant \describe ?
checkRd: (-1) bdpar.Options.Rd:180-186: Lost braces in \itemize; meant \describe ?
checkRd: (-1) bdpar.Options.Rd:182-184: Lost braces in \itemize; meant \describe ?
checkRd: (-1) bdpar.Options.Rd:190-200: Lost braces in \itemize; meant \describe ?
checkRd: (-1) bdpar.Options.Rd:193-195: Lost braces in \itemize; meant \describe ?
checkRd: (-1) bdpar.Options.Rd:196-198: Lost braces in \itemize; meant \describe ?
checkRd: (-1) bdpar.Options.Rd:202-209: Lost braces in \itemize; meant \describe ?
checkRd: (-1) bdpar.Options.Rd:205-207: Lost braces in \itemize; meant \describe ?
checkRd: (-1) bdpar.Options.Rd:211-228: Lost braces in \itemize; meant \describe ?
checkRd: (-1) bdpar.Options.Rd:214-216: Lost braces in \itemize; meant \describe ?
checkRd: (-1) bdpar.Options.Rd:217-219: Lost braces in \itemize; meant \describe ?
checkRd: (-1) bdpar.Options.Rd:220-226: Lost braces in \itemize; meant \describe ?
checkRd: (-1) bdpar.Options.Rd:222-224: Lost braces in \itemize; meant \describe ?
checkRd: (-1) bdpar.Options.Rd:230-238: Lost braces in \itemize; meant \describe ?
checkRd: (-1) bdpar.Options.Rd:234-236: Lost braces in \itemize; meant \describe ?
checkRd: (-1) bdpar.Options.Rd:240-263: Lost braces in \itemize; meant \describe ?
checkRd: (-1) bdpar.Options.Rd:244-246: Lost braces in \itemize; meant \describe ?
checkRd: (-1) bdpar.Options.Rd:247-261: Lost braces in \itemize; meant \describe ?
checkRd: (-1) bdpar.Options.Rd:249-251: Lost braces in \itemize; meant \describe ?
checkRd: (-1) bdpar.Options.Rd:252-255: Lost braces in \itemize; meant \describe ?
checkRd: (-1) bdpar.Options.Rd:256-259: Lost braces in \itemize; meant \describe ?
checkRd: (-1) bdpar.Options.Rd:265-272: Lost braces in \itemize; meant \describe ?
checkRd: (-1) bdpar.Options.Rd:268-270: Lost braces in \itemize; meant \describe ?
checkRd: (-1) bdpar.Options.Rd:274-281: Lost braces in \itemize; meant \describe ?
checkRd: (-1) bdpar.Options.Rd:277-279: Lost braces in \itemize; meant \describe ?
Flavors: r-devel-linux-x86_64-debian-clang, r-devel-linux-x86_64-debian-gcc
Version: 3.0.3
Check: data for non-ASCII characters
Result: NOTE
Note: found 2666 marked UTF-8 strings
Flavors: r-devel-linux-x86_64-fedora-clang, r-devel-linux-x86_64-fedora-gcc, r-oldrel-macos-x86_64