CRAN Package Check Results for Package behavr

Last updated on 2021-10-26 00:59:45 CEST.

Flavor Version Tinstall Tcheck Ttotal Status Flags
r-devel-linux-x86_64-debian-clang 0.3.2 3.67 55.12 58.79 NOTE
r-devel-linux-x86_64-debian-gcc 0.3.2 2.67 35.89 38.56 NOTE
r-devel-linux-x86_64-fedora-clang 0.3.2 74.33 NOTE
r-devel-linux-x86_64-fedora-gcc 0.3.2 55.48 NOTE
r-devel-windows-x86_64 0.3.2 5.00 58.00 63.00 NOTE
r-devel-windows-x86_64-gcc10-UCRT 0.3.2 NOTE
r-patched-linux-x86_64 0.3.2 4.05 42.95 47.00 NOTE
r-patched-solaris-x86 0.3.2 87.40 NOTE
r-release-linux-x86_64 0.3.2 3.41 43.10 46.51 NOTE
r-release-macos-arm64 0.3.2 NOTE
r-release-macos-x86_64 0.3.2 NOTE
r-release-windows-ix86+x86_64 0.3.2 5.00 60.00 65.00 NOTE
r-oldrel-macos-x86_64 0.3.2 OK
r-oldrel-windows-ix86+x86_64 0.3.2 7.00 59.00 66.00 OK

Check Details

Version: 0.3.2
Check: LazyData
Result: NOTE
     'LazyData' is specified without a 'data' directory
Flavors: r-devel-linux-x86_64-debian-clang, r-devel-linux-x86_64-debian-gcc, r-devel-linux-x86_64-fedora-clang, r-devel-linux-x86_64-fedora-gcc, r-devel-windows-x86_64, r-devel-windows-x86_64-gcc10-UCRT, r-patched-linux-x86_64, r-patched-solaris-x86, r-release-linux-x86_64, r-release-macos-arm64, r-release-macos-x86_64, r-release-windows-ix86+x86_64