CRAN Package Check Results for Package behavr

Last updated on 2025-04-30 00:49:37 CEST.

Flavor Version Tinstall Tcheck Ttotal Status Flags
r-devel-linux-x86_64-debian-clang 0.3.3 2.39 47.38 49.77 NOTE
r-devel-linux-x86_64-debian-gcc 0.3.3 2.18 32.88 35.06 NOTE
r-devel-linux-x86_64-fedora-clang 0.3.3 65.65 OK
r-devel-linux-x86_64-fedora-gcc 0.3.3 60.27 OK
r-devel-windows-x86_64 0.3.3 3.00 57.00 60.00 OK
r-patched-linux-x86_64 0.3.3 2.44 36.23 38.67 OK
r-release-linux-x86_64 0.3.3 2.68 36.57 39.25 OK
r-release-macos-arm64 0.3.3 23.00 OK
r-release-macos-x86_64 0.3.3 60.00 OK
r-release-windows-x86_64 0.3.3 3.00 59.00 62.00 OK
r-oldrel-macos-arm64 0.3.3 38.00 OK
r-oldrel-macos-x86_64 0.3.3 60.00 OK
r-oldrel-windows-x86_64 0.3.3 4.00 64.00 68.00 OK

Check Details

Version: 0.3.3
Check: examples
Result: NOTE Examples with CPU (user + system) or elapsed time > 5s user system elapsed toy_activity_data 8.203 0.532 4.347 bin_apply 5.578 0.730 3.463 Flavor: r-devel-linux-x86_64-debian-clang

Version: 0.3.3
Check: examples
Result: NOTE Examples with CPU (user + system) or elapsed time > 5s user system elapsed toy_activity_data 5.559 0.089 4.718 Flavor: r-devel-linux-x86_64-debian-gcc